{"id":549,"date":"2026-04-05T14:47:46","date_gmt":"2026-04-05T14:47:46","guid":{"rendered":"https:\/\/petluxu.azdigi.shop\/?post_type=product&#038;p=549"},"modified":"2026-04-11T10:08:59","modified_gmt":"2026-04-11T10:08:59","slug":"sup-thuong","status":"publish","type":"product","link":"https:\/\/petluxu.azdigi.shop\/?product=sup-thuong","title":{"rendered":"S\u00fap Th\u01b0\u1edfng"},"content":{"rendered":"<h2 data-section-id=\"1wi0rhx\" data-start=\"560\" data-end=\"627\"><span role=\"text\"><strong data-start=\"563\" data-end=\"627\">\u00a0S\u00fap Th\u01b0\u1edfng\u00a0 b\u1ed5 d\u01b0\u1ee1ng cho th\u00fa c\u01b0ng<\/strong><\/span><\/h2>\n<p data-start=\"629\" data-end=\"970\">Dinh d\u01b0\u1ee1ng ch\u00f3 m\u00e8o l\u00e0 y\u1ebfu t\u1ed1 quan tr\u1ecdng gi\u00fap th\u00fa c\u01b0ng <strong data-start=\"683\" data-end=\"709\">kh\u1ecfe m\u1ea1nh v\u00e0 n\u0103ng \u0111\u1ed9ng<\/strong>.<br data-start=\"710\" data-end=\"713\" \/>S\u00fap Th\u01b0\u1edfng l\u00e0 <strong data-start=\"734\" data-end=\"761\">th\u1ee9c \u0103n b\u1ed5 sung cao c\u1ea5p<\/strong>, gi\u00e0u protein, vitamin v\u00e0 kho\u00e1ng ch\u1ea5t.<br data-start=\"800\" data-end=\"803\" \/>H\u01b0\u01a1ng v\u1ecb th\u01a1m ngon gi\u00fap ch\u00f3 v\u00e0 m\u00e8o <strong data-start=\"838\" data-end=\"879\">\u0103n ngon mi\u1ec7ng v\u00e0 ph\u00e1t tri\u1ec3n to\u00e0n di\u1ec7n<\/strong>.<br data-start=\"880\" data-end=\"883\" \/>Ngo\u00e0i ra, s\u00fap c\u00f2n h\u1ed7 tr\u1ee3 <strong data-start=\"908\" data-end=\"967\">h\u1ec7 ti\u00eau h\u00f3a kh\u1ecfe m\u1ea1nh v\u00e0 h\u1ea5p thu ch\u1ea5t dinh d\u01b0\u1ee1ng t\u1ed1i \u01b0u<\/strong>.<\/p>\n<h3 data-section-id=\"1hqpya1\" data-start=\"972\" data-end=\"1027\"><span role=\"text\"><strong data-start=\"976\" data-end=\"1027\">L\u1ee3i \u00edch t\u1eeb S\u00fap Th\u01b0\u1edfng\u00a0<\/strong><\/span><\/h3>\n<p data-start=\"1029\" data-end=\"1351\">S\u00fap Th\u01b0\u1edfng gi\u00fap th\u00fa c\u01b0ng <strong data-start=\"1061\" data-end=\"1102\">t\u0103ng c\u01b0\u1eddng n\u0103ng l\u01b0\u1ee3ng v\u00e0 s\u1ee9c \u0111\u1ec1 kh\u00e1ng<\/strong>.<br data-start=\"1103\" data-end=\"1106\" \/>Ch\u1ee7 nu\u00f4i c\u00f3 th\u1ec3 d\u00f9ng s\u00fap nh\u01b0 <strong data-start=\"1135\" data-end=\"1169\">b\u1eefa th\u01b0\u1edfng ho\u1eb7c snack th\u00fa c\u01b0ng<\/strong> trong qu\u00e1 tr\u00ecnh hu\u1ea5n luy\u1ec7n.<br data-start=\"1197\" data-end=\"1200\" \/>S\u1ea3n ph\u1ea9m th\u00edch h\u1ee3p cho <strong data-start=\"1223\" data-end=\"1239\">m\u1ecdi l\u1ee9a tu\u1ed5i<\/strong>, t\u1eeb ch\u00f3 con, m\u00e8o con \u0111\u1ebfn tr\u01b0\u1edfng th\u00e0nh.<br data-start=\"1278\" data-end=\"1281\" \/>\u0110\u1ed3ng th\u1eddi, th\u01b0\u1edfng s\u00fap gi\u00fap <strong data-start=\"1308\" data-end=\"1348\">t\u0103ng s\u1ef1 g\u1eafn k\u1ebft gi\u1eefa ch\u1ee7 v\u00e0 th\u00fa c\u01b0ng<\/strong>.<\/p>\n<p data-start=\"1353\" data-end=\"1534\">S\u00fap Th\u01b0\u1edfng\u00a0 c\u00f2n cung c\u1ea5p d\u01b0\u1ee1ng ch\u1ea5t gi\u00fap th\u00fa c\u01b0ng <strong data-start=\"1409\" data-end=\"1442\">l\u00f4ng b\u00f3ng kh\u1ecfe v\u00e0 da m\u1ecbn m\u00e0ng<\/strong>.<br data-start=\"1443\" data-end=\"1446\" \/>D\u00f9ng s\u00fap h\u00e0ng ng\u00e0y l\u00e0 c\u00e1ch th\u00f4ng minh \u0111\u1ec3 <strong data-start=\"1487\" data-end=\"1531\">cung c\u1ea5p dinh d\u01b0\u1ee1ng cho ch\u00f3 m\u00e8o hi\u1ec7u qu\u1ea3<\/strong>.<\/p>\n<h3 data-section-id=\"1h0tqqm\" data-start=\"1536\" data-end=\"1584\"><span role=\"text\"><strong data-start=\"1540\" data-end=\"1584\">C\u00e1ch s\u1eed d\u1ee5ng v\u00e0 l\u01b0u \u00fd ch\u00f3 m\u00e8o<\/strong><\/span><\/h3>\n<p data-start=\"1586\" data-end=\"1856\">D\u00f9ng s\u00fap tr\u1ef1c ti\u1ebfp ho\u1eb7c tr\u1ed9n v\u1edbi th\u1ee9c \u0103n h\u1eb1ng ng\u00e0y \u0111\u1ec1u \u0111\u01b0\u1ee3c.<br data-start=\"1646\" data-end=\"1649\" \/>B\u1ea3o qu\u1ea3n trong t\u1ee7 l\u1ea1nh sau khi m\u1edf n\u1eafp \u0111\u1ec3 \u0111\u1ea3m b\u1ea3o \u0111\u1ed9 t\u01b0\u01a1i ngon.<br data-start=\"1711\" data-end=\"1714\" \/>N\u1ebfu th\u00fa c\u01b0ng c\u00f3 d\u1ea5u hi\u1ec7u d\u1ecb \u1ee9ng, ng\u01b0ng s\u1eed d\u1ee5ng v\u00e0 tham kh\u1ea3o b\u00e1c s\u0129 th\u00fa y.<br data-start=\"1787\" data-end=\"1790\" \/>V\u1ec7 sinh b\u00e1t \u0103n v\u00e0 chu\u1ed3ng tr\u1ea1i gi\u00fap s\u00fap ph\u00e1t huy hi\u1ec7u qu\u1ea3 t\u1ed1i \u0111a.<\/p>\n<p data-start=\"1858\" data-end=\"2037\">S\u00fap Th\u01b0\u1edfng\u00a0 l\u00e0 l\u1ef1a ch\u1ecdn l\u00fd t\u01b0\u1edfng \u0111\u1ec3 <strong data-start=\"1900\" data-end=\"1942\">th\u01b0\u1edfng cho th\u00fa c\u01b0ng m\u1ed9t c\u00e1ch l\u00e0nh m\u1ea1nh<\/strong>.<br data-start=\"1943\" data-end=\"1946\" \/>S\u1ea3n ph\u1ea9m d\u1ec5 s\u1eed d\u1ee5ng, th\u01a1m ngon v\u00e0 gi\u00e0u dinh d\u01b0\u1ee1ng, gi\u00fap th\u00fa c\u01b0ng <strong data-start=\"2011\" data-end=\"2034\">vui v\u1ebb v\u00e0 kh\u1ecfe m\u1ea1nh<\/strong><\/p>\n<p data-start=\"1858\" data-end=\"2037\">V\u00e0 h\u00e3y mua cho nh\u1eefng ch\u00fa th\u00fa c\u01b0ng d\u1ec5 th\u01b0\u01a1ng c\u1ee7a ch\u00fang ta 1 g\u00f3i s\u00fap th\u01b0\u1edfng si\u00eau ngon v\u00e0 dinh d\u01b0\u1ee1ng cho ch\u00f3 m\u00e8o n\u00e0o<\/p>\n<p data-start=\"1824\" data-end=\"2003\"><img loading=\"lazy\" decoding=\"async\" class=\"alignnone size-medium wp-image-444\" src=\"https:\/\/petluxu.azdigi.shop\/wp-content\/uploads\/2026\/04\/2680f7ca64673f346c922d4887438c1f-300x300.jpg\" alt=\"\" width=\"300\" height=\"300\" srcset=\"https:\/\/petluxu.azdigi.shop\/wp-content\/uploads\/2026\/04\/2680f7ca64673f346c922d4887438c1f-300x300.jpg 300w, https:\/\/petluxu.azdigi.shop\/wp-content\/uploads\/2026\/04\/2680f7ca64673f346c922d4887438c1f-150x150.jpg 150w, https:\/\/petluxu.azdigi.shop\/wp-content\/uploads\/2026\/04\/2680f7ca64673f346c922d4887438c1f-600x600.jpg 600w, https:\/\/petluxu.azdigi.shop\/wp-content\/uploads\/2026\/04\/2680f7ca64673f346c922d4887438c1f-100x100.jpg 100w, https:\/\/petluxu.azdigi.shop\/wp-content\/uploads\/2026\/04\/2680f7ca64673f346c922d4887438c1f.jpg 720w\" sizes=\"auto, (max-width: 300px) 100vw, 300px\" \/><\/p>\n","protected":false},"excerpt":{"rendered":"<p>S\u00fap Th\u01b0\u1edfng l\u00e0 l\u1ef1a ch\u1ecdn l\u00fd t\u01b0\u1edfng \u0111\u1ec3 <strong data-start=\"1900\" data-end=\"1942\">th\u01b0\u1edfng cho th\u00fa c\u01b0ng m\u1ed9t c\u00e1ch l\u00e0nh m\u1ea1nh<\/strong>.<br data-start=\"1943\" data-end=\"1946\" \/>S\u1ea3n ph\u1ea9m d\u1ec5 s\u1eed d\u1ee5ng, th\u01a1m ngon v\u00e0 gi\u00e0u dinh d\u01b0\u1ee1ng, gi\u00fap th\u00fa c\u01b0ng <strong data-start=\"2011\" data-end=\"2034\">vui v\u1ebb v\u00e0 kh\u1ecfe m\u1ea1nh<\/strong>.<\/p>\n","protected":false},"featured_media":444,"comment_status":"open","ping_status":"closed","template":"","meta":[],"product_brand":[],"product_cat":[30],"product_tag":[],"class_list":{"0":"post-549","1":"product","2":"type-product","3":"status-publish","4":"has-post-thumbnail","6":"product_cat-thuc-an","8":"first","9":"instock","10":"sale","11":"taxable","12":"shipping-taxable","13":"purchasable","14":"product-type-variable"},"yoast_head":"<!-- This site is optimized with the Yoast SEO plugin v27.2 - https:\/\/yoast.com\/product\/yoast-seo-wordpress\/ -->\n<title>S\u00fap Th\u01b0\u1edfng - shop th\u00fa c\u01b0ng<\/title>\n<meta name=\"description\" content=\"Dinh d\u01b0\u1ee1ng cho ch\u00f3 \u2013 Th\u1ee9c \u0103n b\u1ed5 d\u01b0\u1ee1ng- Snack th\u01a1m ngon cho ch\u00f3 v\u00e0 m\u00e8o-H\u1ed7 tr\u1ee3 s\u1ee9c kh\u1ecfe v\u00e0 n\u0103ng l\u01b0\u1ee3ng cho th\u00fa c\u01b0ng-t\u0103ng n\u0103ng l\u01b0\u1ee3ng, h\u1ed7 tr\u1ee3 s\u1ee9c kh\u1ecfe da v\u00e0 l\u00f4ng\" \/>\n<meta name=\"robots\" content=\"index, follow, max-snippet:-1, max-image-preview:large, max-video-preview:-1\" \/>\n<link rel=\"canonical\" href=\"https:\/\/petluxu.azdigi.shop\/?product=sup-thuong\" \/>\n<meta property=\"og:locale\" content=\"en_US\" \/>\n<meta property=\"og:type\" content=\"article\" \/>\n<meta property=\"og:title\" content=\"S\u00fap Th\u01b0\u1edfng - shop th\u00fa c\u01b0ng\" \/>\n<meta property=\"og:description\" content=\"Dinh d\u01b0\u1ee1ng cho ch\u00f3 \u2013 Th\u1ee9c \u0103n b\u1ed5 d\u01b0\u1ee1ng- Snack th\u01a1m ngon cho ch\u00f3 v\u00e0 m\u00e8o-H\u1ed7 tr\u1ee3 s\u1ee9c kh\u1ecfe v\u00e0 n\u0103ng l\u01b0\u1ee3ng cho th\u00fa c\u01b0ng-t\u0103ng n\u0103ng l\u01b0\u1ee3ng, h\u1ed7 tr\u1ee3 s\u1ee9c kh\u1ecfe da v\u00e0 l\u00f4ng\" \/>\n<meta property=\"og:url\" content=\"https:\/\/petluxu.azdigi.shop\/?product=sup-thuong\" \/>\n<meta property=\"og:site_name\" content=\"shop th\u00fa c\u01b0ng\" \/>\n<meta property=\"article:modified_time\" content=\"2026-04-11T10:08:59+00:00\" \/>\n<meta property=\"og:image\" content=\"https:\/\/petluxu.azdigi.shop\/wp-content\/uploads\/2026\/04\/2680f7ca64673f346c922d4887438c1f.jpg\" \/>\n\t<meta property=\"og:image:width\" content=\"720\" \/>\n\t<meta property=\"og:image:height\" content=\"720\" \/>\n\t<meta property=\"og:image:type\" content=\"image\/jpeg\" \/>\n<meta name=\"twitter:card\" content=\"summary_large_image\" \/>\n<meta name=\"twitter:label1\" content=\"Est. reading time\" \/>\n\t<meta name=\"twitter:data1\" content=\"2 minutes\" \/>\n<script type=\"application\/ld+json\" class=\"yoast-schema-graph\">{\"@context\":\"https:\/\/schema.org\",\"@graph\":[{\"@type\":\"WebPage\",\"@id\":\"https:\/\/petluxu.azdigi.shop\/?product=sup-thuong\",\"url\":\"https:\/\/petluxu.azdigi.shop\/?product=sup-thuong\",\"name\":\"S\u00fap Th\u01b0\u1edfng - shop th\u00fa c\u01b0ng\",\"isPartOf\":{\"@id\":\"https:\/\/petluxu.azdigi.shop\/#website\"},\"primaryImageOfPage\":{\"@id\":\"https:\/\/petluxu.azdigi.shop\/?product=sup-thuong#primaryimage\"},\"image\":{\"@id\":\"https:\/\/petluxu.azdigi.shop\/?product=sup-thuong#primaryimage\"},\"thumbnailUrl\":\"https:\/\/petluxu.azdigi.shop\/wp-content\/uploads\/2026\/04\/2680f7ca64673f346c922d4887438c1f.jpg\",\"datePublished\":\"2026-04-05T14:47:46+00:00\",\"dateModified\":\"2026-04-11T10:08:59+00:00\",\"description\":\"Dinh d\u01b0\u1ee1ng cho ch\u00f3 \u2013 Th\u1ee9c \u0103n b\u1ed5 d\u01b0\u1ee1ng- Snack th\u01a1m ngon cho ch\u00f3 v\u00e0 m\u00e8o-H\u1ed7 tr\u1ee3 s\u1ee9c kh\u1ecfe v\u00e0 n\u0103ng l\u01b0\u1ee3ng cho th\u00fa c\u01b0ng-t\u0103ng n\u0103ng l\u01b0\u1ee3ng, h\u1ed7 tr\u1ee3 s\u1ee9c kh\u1ecfe da v\u00e0 l\u00f4ng\",\"breadcrumb\":{\"@id\":\"https:\/\/petluxu.azdigi.shop\/?product=sup-thuong#breadcrumb\"},\"inLanguage\":\"en-US\",\"potentialAction\":[{\"@type\":\"ReadAction\",\"target\":[\"https:\/\/petluxu.azdigi.shop\/?product=sup-thuong\"]}]},{\"@type\":\"ImageObject\",\"inLanguage\":\"en-US\",\"@id\":\"https:\/\/petluxu.azdigi.shop\/?product=sup-thuong#primaryimage\",\"url\":\"https:\/\/petluxu.azdigi.shop\/wp-content\/uploads\/2026\/04\/2680f7ca64673f346c922d4887438c1f.jpg\",\"contentUrl\":\"https:\/\/petluxu.azdigi.shop\/wp-content\/uploads\/2026\/04\/2680f7ca64673f346c922d4887438c1f.jpg\",\"width\":720,\"height\":720},{\"@type\":\"BreadcrumbList\",\"@id\":\"https:\/\/petluxu.azdigi.shop\/?product=sup-thuong#breadcrumb\",\"itemListElement\":[{\"@type\":\"ListItem\",\"position\":1,\"name\":\"Home\",\"item\":\"https:\/\/petluxu.azdigi.shop\/\"},{\"@type\":\"ListItem\",\"position\":2,\"name\":\"Shop\",\"item\":\"https:\/\/petluxu.azdigi.shop\/?page_id=348\"},{\"@type\":\"ListItem\",\"position\":3,\"name\":\"S\u00fap Th\u01b0\u1edfng\"}]},{\"@type\":\"WebSite\",\"@id\":\"https:\/\/petluxu.azdigi.shop\/#website\",\"url\":\"https:\/\/petluxu.azdigi.shop\/\",\"name\":\"shop th\u00fa c\u01b0ng\",\"description\":\"\",\"potentialAction\":[{\"@type\":\"SearchAction\",\"target\":{\"@type\":\"EntryPoint\",\"urlTemplate\":\"https:\/\/petluxu.azdigi.shop\/?s={search_term_string}\"},\"query-input\":{\"@type\":\"PropertyValueSpecification\",\"valueRequired\":true,\"valueName\":\"search_term_string\"}}],\"inLanguage\":\"en-US\"}]}<\/script>\n<!-- \/ Yoast SEO plugin. -->","yoast_head_json":{"title":"S\u00fap Th\u01b0\u1edfng - shop th\u00fa c\u01b0ng","description":"Dinh d\u01b0\u1ee1ng cho ch\u00f3 \u2013 Th\u1ee9c \u0103n b\u1ed5 d\u01b0\u1ee1ng- Snack th\u01a1m ngon cho ch\u00f3 v\u00e0 m\u00e8o-H\u1ed7 tr\u1ee3 s\u1ee9c kh\u1ecfe v\u00e0 n\u0103ng l\u01b0\u1ee3ng cho th\u00fa c\u01b0ng-t\u0103ng n\u0103ng l\u01b0\u1ee3ng, h\u1ed7 tr\u1ee3 s\u1ee9c kh\u1ecfe da v\u00e0 l\u00f4ng","robots":{"index":"index","follow":"follow","max-snippet":"max-snippet:-1","max-image-preview":"max-image-preview:large","max-video-preview":"max-video-preview:-1"},"canonical":"https:\/\/petluxu.azdigi.shop\/?product=sup-thuong","og_locale":"en_US","og_type":"article","og_title":"S\u00fap Th\u01b0\u1edfng - shop th\u00fa c\u01b0ng","og_description":"Dinh d\u01b0\u1ee1ng cho ch\u00f3 \u2013 Th\u1ee9c \u0103n b\u1ed5 d\u01b0\u1ee1ng- Snack th\u01a1m ngon cho ch\u00f3 v\u00e0 m\u00e8o-H\u1ed7 tr\u1ee3 s\u1ee9c kh\u1ecfe v\u00e0 n\u0103ng l\u01b0\u1ee3ng cho th\u00fa c\u01b0ng-t\u0103ng n\u0103ng l\u01b0\u1ee3ng, h\u1ed7 tr\u1ee3 s\u1ee9c kh\u1ecfe da v\u00e0 l\u00f4ng","og_url":"https:\/\/petluxu.azdigi.shop\/?product=sup-thuong","og_site_name":"shop th\u00fa c\u01b0ng","article_modified_time":"2026-04-11T10:08:59+00:00","og_image":[{"width":720,"height":720,"url":"https:\/\/petluxu.azdigi.shop\/wp-content\/uploads\/2026\/04\/2680f7ca64673f346c922d4887438c1f.jpg","type":"image\/jpeg"}],"twitter_card":"summary_large_image","twitter_misc":{"Est. reading time":"2 minutes"},"schema":{"@context":"https:\/\/schema.org","@graph":[{"@type":"WebPage","@id":"https:\/\/petluxu.azdigi.shop\/?product=sup-thuong","url":"https:\/\/petluxu.azdigi.shop\/?product=sup-thuong","name":"S\u00fap Th\u01b0\u1edfng - shop th\u00fa c\u01b0ng","isPartOf":{"@id":"https:\/\/petluxu.azdigi.shop\/#website"},"primaryImageOfPage":{"@id":"https:\/\/petluxu.azdigi.shop\/?product=sup-thuong#primaryimage"},"image":{"@id":"https:\/\/petluxu.azdigi.shop\/?product=sup-thuong#primaryimage"},"thumbnailUrl":"https:\/\/petluxu.azdigi.shop\/wp-content\/uploads\/2026\/04\/2680f7ca64673f346c922d4887438c1f.jpg","datePublished":"2026-04-05T14:47:46+00:00","dateModified":"2026-04-11T10:08:59+00:00","description":"Dinh d\u01b0\u1ee1ng cho ch\u00f3 \u2013 Th\u1ee9c \u0103n b\u1ed5 d\u01b0\u1ee1ng- Snack th\u01a1m ngon cho ch\u00f3 v\u00e0 m\u00e8o-H\u1ed7 tr\u1ee3 s\u1ee9c kh\u1ecfe v\u00e0 n\u0103ng l\u01b0\u1ee3ng cho th\u00fa c\u01b0ng-t\u0103ng n\u0103ng l\u01b0\u1ee3ng, h\u1ed7 tr\u1ee3 s\u1ee9c kh\u1ecfe da v\u00e0 l\u00f4ng","breadcrumb":{"@id":"https:\/\/petluxu.azdigi.shop\/?product=sup-thuong#breadcrumb"},"inLanguage":"en-US","potentialAction":[{"@type":"ReadAction","target":["https:\/\/petluxu.azdigi.shop\/?product=sup-thuong"]}]},{"@type":"ImageObject","inLanguage":"en-US","@id":"https:\/\/petluxu.azdigi.shop\/?product=sup-thuong#primaryimage","url":"https:\/\/petluxu.azdigi.shop\/wp-content\/uploads\/2026\/04\/2680f7ca64673f346c922d4887438c1f.jpg","contentUrl":"https:\/\/petluxu.azdigi.shop\/wp-content\/uploads\/2026\/04\/2680f7ca64673f346c922d4887438c1f.jpg","width":720,"height":720},{"@type":"BreadcrumbList","@id":"https:\/\/petluxu.azdigi.shop\/?product=sup-thuong#breadcrumb","itemListElement":[{"@type":"ListItem","position":1,"name":"Home","item":"https:\/\/petluxu.azdigi.shop\/"},{"@type":"ListItem","position":2,"name":"Shop","item":"https:\/\/petluxu.azdigi.shop\/?page_id=348"},{"@type":"ListItem","position":3,"name":"S\u00fap Th\u01b0\u1edfng"}]},{"@type":"WebSite","@id":"https:\/\/petluxu.azdigi.shop\/#website","url":"https:\/\/petluxu.azdigi.shop\/","name":"shop th\u00fa c\u01b0ng","description":"","potentialAction":[{"@type":"SearchAction","target":{"@type":"EntryPoint","urlTemplate":"https:\/\/petluxu.azdigi.shop\/?s={search_term_string}"},"query-input":{"@type":"PropertyValueSpecification","valueRequired":true,"valueName":"search_term_string"}}],"inLanguage":"en-US"}]}},"_links":{"self":[{"href":"https:\/\/petluxu.azdigi.shop\/index.php?rest_route=\/wp\/v2\/product\/549","targetHints":{"allow":["GET"]}}],"collection":[{"href":"https:\/\/petluxu.azdigi.shop\/index.php?rest_route=\/wp\/v2\/product"}],"about":[{"href":"https:\/\/petluxu.azdigi.shop\/index.php?rest_route=\/wp\/v2\/types\/product"}],"replies":[{"embeddable":true,"href":"https:\/\/petluxu.azdigi.shop\/index.php?rest_route=%2Fwp%2Fv2%2Fcomments&post=549"}],"wp:featuredmedia":[{"embeddable":true,"href":"https:\/\/petluxu.azdigi.shop\/index.php?rest_route=\/wp\/v2\/media\/444"}],"wp:attachment":[{"href":"https:\/\/petluxu.azdigi.shop\/index.php?rest_route=%2Fwp%2Fv2%2Fmedia&parent=549"}],"wp:term":[{"taxonomy":"product_brand","embeddable":true,"href":"https:\/\/petluxu.azdigi.shop\/index.php?rest_route=%2Fwp%2Fv2%2Fproduct_brand&post=549"},{"taxonomy":"product_cat","embeddable":true,"href":"https:\/\/petluxu.azdigi.shop\/index.php?rest_route=%2Fwp%2Fv2%2Fproduct_cat&post=549"},{"taxonomy":"product_tag","embeddable":true,"href":"https:\/\/petluxu.azdigi.shop\/index.php?rest_route=%2Fwp%2Fv2%2Fproduct_tag&post=549"}],"curies":[{"name":"wp","href":"https:\/\/api.w.org\/{rel}","templated":true}]}}