{"id":556,"date":"2026-04-05T14:57:28","date_gmt":"2026-04-05T14:57:28","guid":{"rendered":"https:\/\/petluxu.azdigi.shop\/?post_type=product&#038;p=556"},"modified":"2026-04-11T22:34:15","modified_gmt":"2026-04-11T22:34:15","slug":"xuc-xich","status":"publish","type":"product","link":"https:\/\/petluxu.azdigi.shop\/?product=xuc-xich","title":{"rendered":"X\u00fac X\u00edch cho th\u00fa c\u01b0ng"},"content":{"rendered":"<p><img loading=\"lazy\" decoding=\"async\" class=\"alignnone size-medium wp-image-445\" src=\"https:\/\/petluxu.azdigi.shop\/wp-content\/uploads\/2026\/04\/5b098ba01333ea8e057f231333236551-300x300.jpg\" alt=\"\" width=\"300\" height=\"300\" srcset=\"https:\/\/petluxu.azdigi.shop\/wp-content\/uploads\/2026\/04\/5b098ba01333ea8e057f231333236551-300x300.jpg 300w, https:\/\/petluxu.azdigi.shop\/wp-content\/uploads\/2026\/04\/5b098ba01333ea8e057f231333236551-150x150.jpg 150w, https:\/\/petluxu.azdigi.shop\/wp-content\/uploads\/2026\/04\/5b098ba01333ea8e057f231333236551-768x768.jpg 768w, https:\/\/petluxu.azdigi.shop\/wp-content\/uploads\/2026\/04\/5b098ba01333ea8e057f231333236551-600x600.jpg 600w, https:\/\/petluxu.azdigi.shop\/wp-content\/uploads\/2026\/04\/5b098ba01333ea8e057f231333236551-100x100.jpg 100w, https:\/\/petluxu.azdigi.shop\/wp-content\/uploads\/2026\/04\/5b098ba01333ea8e057f231333236551.jpg 800w\" sizes=\"auto, (max-width: 300px) 100vw, 300px\" \/><\/p>\n<h2 data-section-id=\"tipfox\" data-start=\"309\" data-end=\"380\"><span role=\"text\"><strong data-start=\"312\" data-end=\"380\"><span dir=\"auto\" style=\"vertical-align: inherit;\"><span dir=\"auto\" style=\"vertical-align: inherit;\"><span dir=\"auto\" style=\"vertical-align: inherit;\"><span dir=\"auto\" style=\"vertical-align: inherit;\">Dinh d\u01b0\u1ee1ng ch\u00f3 m\u00e8o \u2013 th\u01a1m ngon v\u00e0 b\u1ed5 d\u01b0\u1ee1ng<\/span><\/span><\/span><\/span><\/strong><\/span><\/h2>\n<p data-start=\"382\" data-end=\"716\"><span dir=\"auto\" style=\"vertical-align: inherit;\"><span dir=\"auto\" style=\"vertical-align: inherit;\"><span dir=\"auto\" style=\"vertical-align: inherit;\"><span dir=\"auto\" style=\"vertical-align: inherit;\">x\u00fac x\u00edch cho th\u00fa c\u01b0ng l\u00e0 <\/span><\/span><\/span><\/span><strong data-start=\"407\" data-end=\"462\"><span dir=\"auto\" style=\"vertical-align: inherit;\"><span dir=\"auto\" style=\"vertical-align: inherit;\"><span dir=\"auto\" style=\"vertical-align: inherit;\"><span dir=\"auto\" style=\"vertical-align: inherit;\">m\u00f3n \u0103n ti\u1ec7n l\u1ee3i l\u1ee3i gi\u00fap ch\u00f3 v\u00e0 m\u00e8o hi\u1ec7u qu\u1ea3<\/span><\/span><\/span><\/span><\/strong><span dir=\"auto\" style=\"vertical-align: inherit;\"><span dir=\"auto\" style=\"vertical-align: inherit;\"><span dir=\"auto\" style=\"vertical-align: inherit;\"><span dir=\"auto\" style=\"vertical-align: inherit;\"> . <\/span><\/span><\/span><\/span><br data-start=\"463\" data-end=\"466\" \/><span dir=\"auto\" style=\"vertical-align: inherit;\"><span dir=\"auto\" style=\"vertical-align: inherit;\"><span dir=\"auto\" style=\"vertical-align: inherit;\"><span dir=\"auto\" style=\"vertical-align: inherit;\">S\u1ea3n ph\u1ea9m gi\u00e0u protein, vitamin v\u00e0 kho\u00e1ng ch\u1ea5t c\u1ea7n thi\u1ebft cho s\u1ee9c kh\u1ecfe th\u00fa y. <\/span><\/span><\/span><\/span><br data-start=\"544\" data-end=\"547\" \/><span dir=\"auto\" style=\"vertical-align: inherit;\"><span dir=\"auto\" style=\"vertical-align: inherit;\"><span dir=\"auto\" style=\"vertical-align: inherit;\"><span dir=\"auto\" style=\"vertical-align: inherit;\">H\u01b0\u01a1ng v\u1ecb th\u01a1m ngon gi\u00fap ch\u00f3 v\u00e0 m\u00e8o <\/span><\/span><\/span><\/span><strong data-start=\"582\" data-end=\"625\"><span dir=\"auto\" style=\"vertical-align: inherit;\"><span dir=\"auto\" style=\"vertical-align: inherit;\"><span dir=\"auto\" style=\"vertical-align: inherit;\"><span dir=\"auto\" style=\"vertical-align: inherit;\">\u0103n ngon v\u00e0 n\u0103ng \u0111\u1ed9ng h\u01a1n m\u1ed7i ng\u00e0y<\/span><\/span><\/span><\/span><\/strong><span dir=\"auto\" style=\"vertical-align: inherit;\"><span dir=\"auto\" style=\"vertical-align: inherit;\"><span dir=\"auto\" style=\"vertical-align: inherit;\"><span dir=\"auto\" style=\"vertical-align: inherit;\"> . <\/span><\/span><\/span><\/span><br data-start=\"626\" data-end=\"629\" \/><span dir=\"auto\" style=\"vertical-align: inherit;\"><span dir=\"auto\" style=\"vertical-align: inherit;\"><span dir=\"auto\" style=\"vertical-align: inherit;\"><span dir=\"auto\" style=\"vertical-align: inherit;\">Ngo\u00e0i ra, x\u00fac x\u00edch c\u00f2n h\u1ed7 tr\u1ee3 <\/span><\/span><\/span><\/span><strong data-start=\"659\" data-end=\"713\"><span dir=\"auto\" style=\"vertical-align: inherit;\"><span dir=\"auto\" style=\"vertical-align: inherit;\"><span dir=\"auto\" style=\"vertical-align: inherit;\"><span dir=\"auto\" style=\"vertical-align: inherit;\">h\u1ec7 ti\u00eau h\u00f3a s\u1ee9c kh\u1ecfe v\u00e0 h\u1ea5p thu dinh d\u01b0\u1ee1ng t\u1ed1i \u01b0u<\/span><\/span><\/span><\/span><\/strong><span dir=\"auto\" style=\"vertical-align: inherit;\"><span dir=\"auto\" style=\"vertical-align: inherit;\"><span dir=\"auto\" style=\"vertical-align: inherit;\"><span dir=\"auto\" style=\"vertical-align: inherit;\"> .<\/span><\/span><\/span><\/span><\/p>\n<h3 data-section-id=\"1wn7jdw\" data-start=\"718\" data-end=\"759\"><span role=\"text\"><strong data-start=\"722\" data-end=\"759\"><span dir=\"auto\" style=\"vertical-align: inherit;\"><span dir=\"auto\" style=\"vertical-align: inherit;\"><span dir=\"auto\" style=\"vertical-align: inherit;\"><span dir=\"auto\" style=\"vertical-align: inherit;\">L\u1ee3i \u00edch c\u1ee7a x\u00fac x\u00edch cho th\u00fa c\u01b0ng<\/span><\/span><\/span><\/span><\/strong><\/span><\/h3>\n<p data-start=\"761\" data-end=\"1091\"><span dir=\"auto\" style=\"vertical-align: inherit;\"><span dir=\"auto\" style=\"vertical-align: inherit;\"><span dir=\"auto\" style=\"vertical-align: inherit;\"><span dir=\"auto\" style=\"vertical-align: inherit;\">x\u00fac x\u00edch gi\u00fap th\u00fa <\/span><\/span><\/span><\/span><strong data-start=\"784\" data-end=\"834\"><span dir=\"auto\" style=\"vertical-align: inherit;\"><span dir=\"auto\" style=\"vertical-align: inherit;\"><span dir=\"auto\" style=\"vertical-align: inherit;\"><span dir=\"auto\" style=\"vertical-align: inherit;\">t\u0103ng c\u01b0\u1eddng s\u1ee9c m\u1ea1nh v\u00e0 s\u1ee9c \u0111\u1ec1 kh\u00e1ng t\u1ef1 nhi\u00ean<\/span><\/span><\/span><\/span><\/strong><span dir=\"auto\" style=\"vertical-align: inherit;\"><span dir=\"auto\" style=\"vertical-align: inherit;\"><span dir=\"auto\" style=\"vertical-align: inherit;\"><span dir=\"auto\" style=\"vertical-align: inherit;\"> . <\/span><\/span><\/span><\/span><br data-start=\"835\" data-end=\"838\" \/><span dir=\"auto\" style=\"vertical-align: inherit;\"><span dir=\"auto\" style=\"vertical-align: inherit;\"><span dir=\"auto\" style=\"vertical-align: inherit;\"><span dir=\"auto\" style=\"vertical-align: inherit;\">Ch\u1ee7 nu\u00f4i c\u00f3 th\u1ec3 d\u00f9ng x\u00fac x\u00edch nh\u01b0 <\/span><\/span><\/span><\/span><strong data-start=\"872\" data-end=\"931\"><span dir=\"auto\" style=\"vertical-align: inherit;\"><span dir=\"auto\" style=\"vertical-align: inherit;\"><span dir=\"auto\" style=\"vertical-align: inherit;\"><span dir=\"auto\" style=\"vertical-align: inherit;\">b\u1eefa th\u01b0\u1edfng trong qu\u00e1 tr\u00ecnh hu\u1ea5n luy\u1ec7n ho\u1eb7c d\u1ea1y th\u00fa c\u01b0ng<\/span><\/span><\/span><\/span><\/strong><span dir=\"auto\" style=\"vertical-align: inherit;\"><span dir=\"auto\" style=\"vertical-align: inherit;\"><span dir=\"auto\" style=\"vertical-align: inherit;\"><span dir=\"auto\" style=\"vertical-align: inherit;\"> . <\/span><\/span><\/span><\/span><br data-start=\"932\" data-end=\"935\" \/><span dir=\"auto\" style=\"vertical-align: inherit;\"><span dir=\"auto\" style=\"vertical-align: inherit;\"><span dir=\"auto\" style=\"vertical-align: inherit;\"><span dir=\"auto\" style=\"vertical-align: inherit;\">S\u1ea3n ph\u1ea9m th\u00edch h\u1ee3p cho <\/span><\/span><\/span><\/span><strong data-start=\"958\" data-end=\"974\"><span dir=\"auto\" style=\"vertical-align: inherit;\"><span dir=\"auto\" style=\"vertical-align: inherit;\"><span dir=\"auto\" style=\"vertical-align: inherit;\"><span dir=\"auto\" style=\"vertical-align: inherit;\">m\u1ecdi ng\u01b0\u1eddi tu\u1ed5i<\/span><\/span><\/span><\/span><\/strong><span dir=\"auto\" style=\"vertical-align: inherit;\"><span dir=\"auto\" style=\"vertical-align: inherit;\"><span dir=\"auto\" style=\"vertical-align: inherit;\"><span dir=\"auto\" style=\"vertical-align: inherit;\"> , t\u1eeb ch\u00f3 con, m\u00e8o con \u0111\u1ebfn tr\u01b0\u1edfng th\u00e0nh. <\/span><\/span><\/span><\/span><br data-start=\"1013\" data-end=\"1016\" \/><span dir=\"auto\" style=\"vertical-align: inherit;\"><span dir=\"auto\" style=\"vertical-align: inherit;\"><span dir=\"auto\" style=\"vertical-align: inherit;\"><span dir=\"auto\" style=\"vertical-align: inherit;\">\u0110\u1ed3ng th\u1eddi, th\u01b0\u1edfng x\u00edch gi\u00fap <\/span><\/span><\/span><\/span><strong data-start=\"1048\" data-end=\"1088\"><span dir=\"auto\" style=\"vertical-align: inherit;\"><span dir=\"auto\" style=\"vertical-align: inherit;\"><span dir=\"auto\" style=\"vertical-align: inherit;\"><span dir=\"auto\" style=\"vertical-align: inherit;\">t\u0103ng c\u01b0\u1eddng g\u1eafn k\u1ebft gi\u1eefa ch\u1ee7 v\u00e0 th\u00fa y<\/span><\/span><\/span><\/span><\/strong><span dir=\"auto\" style=\"vertical-align: inherit;\"><span dir=\"auto\" style=\"vertical-align: inherit;\"><span dir=\"auto\" style=\"vertical-align: inherit;\"><span dir=\"auto\" style=\"vertical-align: inherit;\"> .<\/span><\/span><\/span><\/span><\/p>\n<p data-start=\"1093\" data-end=\"1280\"><span dir=\"auto\" style=\"vertical-align: inherit;\"><span dir=\"auto\" style=\"vertical-align: inherit;\"><span dir=\"auto\" style=\"vertical-align: inherit;\"><span dir=\"auto\" style=\"vertical-align: inherit;\">x\u00fac x\u00edch c\u00f2n ch\u1ee9a nhi\u1ec1u ch\u1ea5t d\u01b0\u1ee1ng gi\u00fap th\u00fa v\u1ecb <\/span><\/span><\/span><\/span><strong data-start=\"1142\" data-end=\"1175\"><span dir=\"auto\" style=\"vertical-align: inherit;\"><span dir=\"auto\" style=\"vertical-align: inherit;\"><span dir=\"auto\" style=\"vertical-align: inherit;\"><span dir=\"auto\" style=\"vertical-align: inherit;\">l\u00f4ng b\u00f3ng kh\u1ecfe v\u00e0 da d\u1ed3i d\u00e0o<\/span><\/span><\/span><\/span><\/strong><span dir=\"auto\" style=\"vertical-align: inherit;\"><span dir=\"auto\" style=\"vertical-align: inherit;\"><span dir=\"auto\" style=\"vertical-align: inherit;\"><span dir=\"auto\" style=\"vertical-align: inherit;\"> . <\/span><\/span><\/span><\/span><br data-start=\"1176\" data-end=\"1179\" \/><span dir=\"auto\" style=\"vertical-align: inherit;\"><span dir=\"auto\" style=\"vertical-align: inherit;\"><span dir=\"auto\" style=\"vertical-align: inherit;\"><span dir=\"auto\" style=\"vertical-align: inherit;\">Vi\u1ec7c s\u1eed d\u1ee5ng x\u00fac x\u00edch h\u00e0ng ng\u00e0y l\u00e0 c\u00e1ch th\u00f4ng minh \u0111\u1ec3 <\/span><\/span><\/span><\/span><strong data-start=\"1233\" data-end=\"1277\"><span dir=\"auto\" style=\"vertical-align: inherit;\"><span dir=\"auto\" style=\"vertical-align: inherit;\"><span dir=\"auto\" style=\"vertical-align: inherit;\"><span dir=\"auto\" style=\"vertical-align: inherit;\">cung c\u1ea5p d\u01b0\u1ee1ng ch\u1ea5t cho ch\u00f3 m\u00e8o hi\u1ec7u qu\u1ea3<\/span><\/span><\/span><\/span><\/strong><span dir=\"auto\" style=\"vertical-align: inherit;\"><span dir=\"auto\" style=\"vertical-align: inherit;\"><span dir=\"auto\" style=\"vertical-align: inherit;\"><span dir=\"auto\" style=\"vertical-align: inherit;\"> .<\/span><\/span><\/span><\/span><\/p>\n<h3 data-section-id=\"xygevu\" data-start=\"1282\" data-end=\"1329\"><span role=\"text\"><strong data-start=\"1286\" data-end=\"1329\"><span dir=\"auto\" style=\"vertical-align: inherit;\"><span dir=\"auto\" style=\"vertical-align: inherit;\"><span dir=\"auto\" style=\"vertical-align: inherit;\"><span dir=\"auto\" style=\"vertical-align: inherit;\">C\u00e1ch s\u1eed d\u1ee5ng v\u00e0 l\u01b0u \u00fd khi d\u00f9ng x\u00fac x\u00edch<\/span><\/span><\/span><\/span><\/strong><\/span><\/h3>\n<p data-start=\"1331\" data-end=\"1625\"><span dir=\"auto\" style=\"vertical-align: inherit;\"><span dir=\"auto\" style=\"vertical-align: inherit;\"><span dir=\"auto\" style=\"vertical-align: inherit;\"><span dir=\"auto\" style=\"vertical-align: inherit;\">S\u1eed d\u1ee5ng x\u00fac x\u00edch tr\u1ef1c ti\u1ebfp ho\u1eb7c c\u1eaft nh\u1ecf tr\u1ed9n v\u1edbi th\u1ee9c \u0103n \u0111\u1ec1u \u0111\u01b0\u1ee3c. <\/span><\/span><\/span><\/span><br data-start=\"1394\" data-end=\"1397\" \/><span dir=\"auto\" style=\"vertical-align: inherit;\"><span dir=\"auto\" style=\"vertical-align: inherit;\"><span dir=\"auto\" style=\"vertical-align: inherit;\"><span dir=\"auto\" style=\"vertical-align: inherit;\">B\u1ea3o qu\u1ea3n n\u01a1i kh\u00f4 r\u00e1o, tho\u00e1ng m\u00e1t, tr\u00e1nh \u00e1nh n\u1eafng tr\u1ef1c ti\u1ebfp v\u00e0 \u0111\u1ed9 \u1ea9m cao. <\/span><\/span><\/span><\/span><br data-start=\"1471\" data-end=\"1474\" \/><span dir=\"auto\" style=\"vertical-align: inherit;\"><span dir=\"auto\" style=\"vertical-align: inherit;\"><span dir=\"auto\" style=\"vertical-align: inherit;\"><span dir=\"auto\" style=\"vertical-align: inherit;\">N\u1ebfu th\u00fa y c\u00f3 d\u1ea5u hi\u1ec7u d\u1ecb \u1ee9ng, h\u00e3y s\u1eed d\u1ee5ng v\u00e0 tham kh\u1ea3o b\u00e1c s\u0129 th\u00fa y. <\/span><\/span><\/span><\/span><br data-start=\"1547\" data-end=\"1550\" \/><span dir=\"auto\" style=\"vertical-align: inherit;\"><span dir=\"auto\" style=\"vertical-align: inherit;\"><span dir=\"auto\" style=\"vertical-align: inherit;\"><span dir=\"auto\" style=\"vertical-align: inherit;\">Ngo\u00e0i ra, b\u1ea3o v\u1ec7 b\u00e1t \u0103n v\u00e0 n\u01a1i \u1edf gi\u00fap x\u00fac ph\u00e1t huy ho\u00e0ng t\u1ed1i \u0111a hi\u1ec7u qu\u1ea3.<\/span><\/span><\/span><\/span><\/p>\n<p data-start=\"1627\" data-end=\"1809\"><span dir=\"auto\" style=\"vertical-align: inherit;\"><span dir=\"auto\" style=\"vertical-align: inherit;\"><span dir=\"auto\" style=\"vertical-align: inherit;\"><span dir=\"auto\" style=\"vertical-align: inherit;\">x\u00fac x\u00edch l\u00e0 l\u1ef1a ch\u1ecdn l\u00fd t\u01b0\u1edfng \u0111\u1ec3 <\/span><\/span><\/span><\/span><strong data-start=\"1660\" data-end=\"1714\"><span dir=\"auto\" style=\"vertical-align: inherit;\"><span dir=\"auto\" style=\"vertical-align: inherit;\"><span dir=\"auto\" style=\"vertical-align: inherit;\"><span dir=\"auto\" style=\"vertical-align: inherit;\">th\u01b0\u1edfng th\u00fa y m\u1ed9t c\u00e1ch l\u00e0nh m\u1ea1nh v\u00e0 ti\u1ec7n l\u1ee3i<\/span><\/span><\/span><\/span><\/strong><span dir=\"auto\" style=\"vertical-align: inherit;\"><span dir=\"auto\" style=\"vertical-align: inherit;\"><span dir=\"auto\" style=\"vertical-align: inherit;\"><span dir=\"auto\" style=\"vertical-align: inherit;\"> . <\/span><\/span><\/span><\/span><br data-start=\"1715\" data-end=\"1718\" \/><span dir=\"auto\" style=\"vertical-align: inherit;\"><span dir=\"auto\" style=\"vertical-align: inherit;\"><span dir=\"auto\" style=\"vertical-align: inherit;\"><span dir=\"auto\" style=\"vertical-align: inherit;\">S\u1ea3n ph\u1ea9m d\u1ec5 s\u1eed d\u1ee5ng, th\u01a1m ngon v\u00e0 gi\u00e0u d\u01b0\u1ee1ng ch\u1ea5t, gi\u00fap th\u00fa y <\/span><\/span><\/span><\/span><strong data-start=\"1783\" data-end=\"1806\"><span dir=\"auto\" style=\"vertical-align: inherit;\"><span dir=\"auto\" style=\"vertical-align: inherit;\"><span dir=\"auto\" style=\"vertical-align: inherit;\"><span dir=\"auto\" style=\"vertical-align: inherit;\">vui v\u1ebb v\u00e0 kh\u1ecfe m\u1ea1nh<\/span><\/span><\/span><\/span><\/strong><span dir=\"auto\" style=\"vertical-align: inherit;\"><span dir=\"auto\" style=\"vertical-align: inherit;\"><span dir=\"auto\" style=\"vertical-align: inherit;\"><span dir=\"auto\" style=\"vertical-align: inherit;\"> .<\/span><\/span><\/span><\/span><\/p>\n","protected":false},"excerpt":{"rendered":"<p><span dir=\"auto\" style=\"vertical-align: inherit;\"><span dir=\"auto\" style=\"vertical-align: inherit;\">x\u00fac x\u00edch cho ch\u00f3 v\u00e0 m\u00e8o gi\u00e0u protein v\u00e0 vitamin. Th\u01b0\u1edfng th\u1ee9c snack th\u01a1m ngon gi\u00fap th\u00fa v\u1ecb \u0103n ngon, kh\u1ecfe m\u1ea1nh, n\u0103ng \u0111\u1ed9ng v\u00e0 vui v\u1ebb.<\/span><\/span><\/p>\n","protected":false},"featured_media":445,"comment_status":"open","ping_status":"closed","template":"","meta":[],"product_brand":[],"product_cat":[30],"product_tag":[],"class_list":{"0":"post-556","1":"product","2":"type-product","3":"status-publish","4":"has-post-thumbnail","6":"product_cat-thuc-an","8":"first","9":"instock","10":"sale","11":"taxable","12":"shipping-taxable","13":"purchasable","14":"product-type-variable"},"yoast_head":"<!-- This site is optimized with the Yoast SEO plugin v27.2 - https:\/\/yoast.com\/product\/yoast-seo-wordpress\/ -->\n<title>X\u00fac X\u00edch cho th\u00fa c\u01b0ng - shop th\u00fa c\u01b0ng<\/title>\n<meta name=\"description\" content=\"Dinh d\u01b0\u1ee1ng ch\u00f3 m\u00e8o \u2013 X\u00fac x\u00edch cho th\u00fa c\u01b0ng th\u01a1m ngon-b\u1ed5 d\u01b0\u1ee1ng v\u00e0 an to\u00e0n cho ch\u00f3 v\u00e0 m\u00e8o-gi\u00e0u protein v\u00e0 vitamin-Th\u01b0\u1edfng snack th\u01a1m ngon gi\u00fap th\u00fa c\u01b0ng \u0103n ngon\" \/>\n<meta name=\"robots\" content=\"index, follow, max-snippet:-1, max-image-preview:large, max-video-preview:-1\" \/>\n<link rel=\"canonical\" href=\"https:\/\/petluxu.azdigi.shop\/?product=xuc-xich\" \/>\n<meta property=\"og:locale\" content=\"en_US\" \/>\n<meta property=\"og:type\" content=\"article\" \/>\n<meta property=\"og:title\" content=\"X\u00fac X\u00edch cho th\u00fa c\u01b0ng - shop th\u00fa c\u01b0ng\" \/>\n<meta property=\"og:description\" content=\"Dinh d\u01b0\u1ee1ng ch\u00f3 m\u00e8o \u2013 X\u00fac x\u00edch cho th\u00fa c\u01b0ng th\u01a1m ngon-b\u1ed5 d\u01b0\u1ee1ng v\u00e0 an to\u00e0n cho ch\u00f3 v\u00e0 m\u00e8o-gi\u00e0u protein v\u00e0 vitamin-Th\u01b0\u1edfng snack th\u01a1m ngon gi\u00fap th\u00fa c\u01b0ng \u0103n ngon\" \/>\n<meta property=\"og:url\" content=\"https:\/\/petluxu.azdigi.shop\/?product=xuc-xich\" \/>\n<meta property=\"og:site_name\" content=\"shop th\u00fa c\u01b0ng\" \/>\n<meta property=\"article:modified_time\" content=\"2026-04-11T22:34:15+00:00\" \/>\n<meta property=\"og:image\" content=\"https:\/\/petluxu.azdigi.shop\/wp-content\/uploads\/2026\/04\/5b098ba01333ea8e057f231333236551.jpg\" \/>\n\t<meta property=\"og:image:width\" content=\"800\" \/>\n\t<meta property=\"og:image:height\" content=\"800\" \/>\n\t<meta property=\"og:image:type\" content=\"image\/jpeg\" \/>\n<meta name=\"twitter:card\" content=\"summary_large_image\" \/>\n<meta name=\"twitter:label1\" content=\"Est. reading time\" \/>\n\t<meta name=\"twitter:data1\" content=\"2 minutes\" \/>\n<script type=\"application\/ld+json\" class=\"yoast-schema-graph\">{\"@context\":\"https:\/\/schema.org\",\"@graph\":[{\"@type\":\"WebPage\",\"@id\":\"https:\/\/petluxu.azdigi.shop\/?product=xuc-xich\",\"url\":\"https:\/\/petluxu.azdigi.shop\/?product=xuc-xich\",\"name\":\"X\u00fac X\u00edch cho th\u00fa c\u01b0ng - shop th\u00fa c\u01b0ng\",\"isPartOf\":{\"@id\":\"https:\/\/petluxu.azdigi.shop\/#website\"},\"primaryImageOfPage\":{\"@id\":\"https:\/\/petluxu.azdigi.shop\/?product=xuc-xich#primaryimage\"},\"image\":{\"@id\":\"https:\/\/petluxu.azdigi.shop\/?product=xuc-xich#primaryimage\"},\"thumbnailUrl\":\"https:\/\/petluxu.azdigi.shop\/wp-content\/uploads\/2026\/04\/5b098ba01333ea8e057f231333236551.jpg\",\"datePublished\":\"2026-04-05T14:57:28+00:00\",\"dateModified\":\"2026-04-11T22:34:15+00:00\",\"description\":\"Dinh d\u01b0\u1ee1ng ch\u00f3 m\u00e8o \u2013 X\u00fac x\u00edch cho th\u00fa c\u01b0ng th\u01a1m ngon-b\u1ed5 d\u01b0\u1ee1ng v\u00e0 an to\u00e0n cho ch\u00f3 v\u00e0 m\u00e8o-gi\u00e0u protein v\u00e0 vitamin-Th\u01b0\u1edfng snack th\u01a1m ngon gi\u00fap th\u00fa c\u01b0ng \u0103n ngon\",\"breadcrumb\":{\"@id\":\"https:\/\/petluxu.azdigi.shop\/?product=xuc-xich#breadcrumb\"},\"inLanguage\":\"en-US\",\"potentialAction\":[{\"@type\":\"ReadAction\",\"target\":[\"https:\/\/petluxu.azdigi.shop\/?product=xuc-xich\"]}]},{\"@type\":\"ImageObject\",\"inLanguage\":\"en-US\",\"@id\":\"https:\/\/petluxu.azdigi.shop\/?product=xuc-xich#primaryimage\",\"url\":\"https:\/\/petluxu.azdigi.shop\/wp-content\/uploads\/2026\/04\/5b098ba01333ea8e057f231333236551.jpg\",\"contentUrl\":\"https:\/\/petluxu.azdigi.shop\/wp-content\/uploads\/2026\/04\/5b098ba01333ea8e057f231333236551.jpg\",\"width\":800,\"height\":800},{\"@type\":\"BreadcrumbList\",\"@id\":\"https:\/\/petluxu.azdigi.shop\/?product=xuc-xich#breadcrumb\",\"itemListElement\":[{\"@type\":\"ListItem\",\"position\":1,\"name\":\"Home\",\"item\":\"https:\/\/petluxu.azdigi.shop\/\"},{\"@type\":\"ListItem\",\"position\":2,\"name\":\"Shop\",\"item\":\"https:\/\/petluxu.azdigi.shop\/?page_id=348\"},{\"@type\":\"ListItem\",\"position\":3,\"name\":\"X\u00fac X\u00edch cho th\u00fa c\u01b0ng\"}]},{\"@type\":\"WebSite\",\"@id\":\"https:\/\/petluxu.azdigi.shop\/#website\",\"url\":\"https:\/\/petluxu.azdigi.shop\/\",\"name\":\"shop th\u00fa c\u01b0ng\",\"description\":\"\",\"potentialAction\":[{\"@type\":\"SearchAction\",\"target\":{\"@type\":\"EntryPoint\",\"urlTemplate\":\"https:\/\/petluxu.azdigi.shop\/?s={search_term_string}\"},\"query-input\":{\"@type\":\"PropertyValueSpecification\",\"valueRequired\":true,\"valueName\":\"search_term_string\"}}],\"inLanguage\":\"en-US\"}]}<\/script>\n<!-- \/ Yoast SEO plugin. -->","yoast_head_json":{"title":"X\u00fac X\u00edch cho th\u00fa c\u01b0ng - shop th\u00fa c\u01b0ng","description":"Dinh d\u01b0\u1ee1ng ch\u00f3 m\u00e8o \u2013 X\u00fac x\u00edch cho th\u00fa c\u01b0ng th\u01a1m ngon-b\u1ed5 d\u01b0\u1ee1ng v\u00e0 an to\u00e0n cho ch\u00f3 v\u00e0 m\u00e8o-gi\u00e0u protein v\u00e0 vitamin-Th\u01b0\u1edfng snack th\u01a1m ngon gi\u00fap th\u00fa c\u01b0ng \u0103n ngon","robots":{"index":"index","follow":"follow","max-snippet":"max-snippet:-1","max-image-preview":"max-image-preview:large","max-video-preview":"max-video-preview:-1"},"canonical":"https:\/\/petluxu.azdigi.shop\/?product=xuc-xich","og_locale":"en_US","og_type":"article","og_title":"X\u00fac X\u00edch cho th\u00fa c\u01b0ng - shop th\u00fa c\u01b0ng","og_description":"Dinh d\u01b0\u1ee1ng ch\u00f3 m\u00e8o \u2013 X\u00fac x\u00edch cho th\u00fa c\u01b0ng th\u01a1m ngon-b\u1ed5 d\u01b0\u1ee1ng v\u00e0 an to\u00e0n cho ch\u00f3 v\u00e0 m\u00e8o-gi\u00e0u protein v\u00e0 vitamin-Th\u01b0\u1edfng snack th\u01a1m ngon gi\u00fap th\u00fa c\u01b0ng \u0103n ngon","og_url":"https:\/\/petluxu.azdigi.shop\/?product=xuc-xich","og_site_name":"shop th\u00fa c\u01b0ng","article_modified_time":"2026-04-11T22:34:15+00:00","og_image":[{"width":800,"height":800,"url":"https:\/\/petluxu.azdigi.shop\/wp-content\/uploads\/2026\/04\/5b098ba01333ea8e057f231333236551.jpg","type":"image\/jpeg"}],"twitter_card":"summary_large_image","twitter_misc":{"Est. reading time":"2 minutes"},"schema":{"@context":"https:\/\/schema.org","@graph":[{"@type":"WebPage","@id":"https:\/\/petluxu.azdigi.shop\/?product=xuc-xich","url":"https:\/\/petluxu.azdigi.shop\/?product=xuc-xich","name":"X\u00fac X\u00edch cho th\u00fa c\u01b0ng - shop th\u00fa c\u01b0ng","isPartOf":{"@id":"https:\/\/petluxu.azdigi.shop\/#website"},"primaryImageOfPage":{"@id":"https:\/\/petluxu.azdigi.shop\/?product=xuc-xich#primaryimage"},"image":{"@id":"https:\/\/petluxu.azdigi.shop\/?product=xuc-xich#primaryimage"},"thumbnailUrl":"https:\/\/petluxu.azdigi.shop\/wp-content\/uploads\/2026\/04\/5b098ba01333ea8e057f231333236551.jpg","datePublished":"2026-04-05T14:57:28+00:00","dateModified":"2026-04-11T22:34:15+00:00","description":"Dinh d\u01b0\u1ee1ng ch\u00f3 m\u00e8o \u2013 X\u00fac x\u00edch cho th\u00fa c\u01b0ng th\u01a1m ngon-b\u1ed5 d\u01b0\u1ee1ng v\u00e0 an to\u00e0n cho ch\u00f3 v\u00e0 m\u00e8o-gi\u00e0u protein v\u00e0 vitamin-Th\u01b0\u1edfng snack th\u01a1m ngon gi\u00fap th\u00fa c\u01b0ng \u0103n ngon","breadcrumb":{"@id":"https:\/\/petluxu.azdigi.shop\/?product=xuc-xich#breadcrumb"},"inLanguage":"en-US","potentialAction":[{"@type":"ReadAction","target":["https:\/\/petluxu.azdigi.shop\/?product=xuc-xich"]}]},{"@type":"ImageObject","inLanguage":"en-US","@id":"https:\/\/petluxu.azdigi.shop\/?product=xuc-xich#primaryimage","url":"https:\/\/petluxu.azdigi.shop\/wp-content\/uploads\/2026\/04\/5b098ba01333ea8e057f231333236551.jpg","contentUrl":"https:\/\/petluxu.azdigi.shop\/wp-content\/uploads\/2026\/04\/5b098ba01333ea8e057f231333236551.jpg","width":800,"height":800},{"@type":"BreadcrumbList","@id":"https:\/\/petluxu.azdigi.shop\/?product=xuc-xich#breadcrumb","itemListElement":[{"@type":"ListItem","position":1,"name":"Home","item":"https:\/\/petluxu.azdigi.shop\/"},{"@type":"ListItem","position":2,"name":"Shop","item":"https:\/\/petluxu.azdigi.shop\/?page_id=348"},{"@type":"ListItem","position":3,"name":"X\u00fac X\u00edch cho th\u00fa c\u01b0ng"}]},{"@type":"WebSite","@id":"https:\/\/petluxu.azdigi.shop\/#website","url":"https:\/\/petluxu.azdigi.shop\/","name":"shop th\u00fa c\u01b0ng","description":"","potentialAction":[{"@type":"SearchAction","target":{"@type":"EntryPoint","urlTemplate":"https:\/\/petluxu.azdigi.shop\/?s={search_term_string}"},"query-input":{"@type":"PropertyValueSpecification","valueRequired":true,"valueName":"search_term_string"}}],"inLanguage":"en-US"}]}},"_links":{"self":[{"href":"https:\/\/petluxu.azdigi.shop\/index.php?rest_route=\/wp\/v2\/product\/556","targetHints":{"allow":["GET"]}}],"collection":[{"href":"https:\/\/petluxu.azdigi.shop\/index.php?rest_route=\/wp\/v2\/product"}],"about":[{"href":"https:\/\/petluxu.azdigi.shop\/index.php?rest_route=\/wp\/v2\/types\/product"}],"replies":[{"embeddable":true,"href":"https:\/\/petluxu.azdigi.shop\/index.php?rest_route=%2Fwp%2Fv2%2Fcomments&post=556"}],"wp:featuredmedia":[{"embeddable":true,"href":"https:\/\/petluxu.azdigi.shop\/index.php?rest_route=\/wp\/v2\/media\/445"}],"wp:attachment":[{"href":"https:\/\/petluxu.azdigi.shop\/index.php?rest_route=%2Fwp%2Fv2%2Fmedia&parent=556"}],"wp:term":[{"taxonomy":"product_brand","embeddable":true,"href":"https:\/\/petluxu.azdigi.shop\/index.php?rest_route=%2Fwp%2Fv2%2Fproduct_brand&post=556"},{"taxonomy":"product_cat","embeddable":true,"href":"https:\/\/petluxu.azdigi.shop\/index.php?rest_route=%2Fwp%2Fv2%2Fproduct_cat&post=556"},{"taxonomy":"product_tag","embeddable":true,"href":"https:\/\/petluxu.azdigi.shop\/index.php?rest_route=%2Fwp%2Fv2%2Fproduct_tag&post=556"}],"curies":[{"name":"wp","href":"https:\/\/api.w.org\/{rel}","templated":true}]}}