{"id":610,"date":"2026-04-10T14:06:50","date_gmt":"2026-04-10T14:06:50","guid":{"rendered":"https:\/\/petluxu.azdigi.shop\/?post_type=product&#038;p=610"},"modified":"2026-04-11T22:19:50","modified_gmt":"2026-04-11T22:19:50","slug":"cho-poodle","status":"publish","type":"product","link":"https:\/\/petluxu.azdigi.shop\/?product=cho-poodle","title":{"rendered":"ch\u00f3 Poodle"},"content":{"rendered":"<p><img loading=\"lazy\" decoding=\"async\" class=\"alignnone size-full wp-image-181 aligncenter\" src=\"https:\/\/petluxu.azdigi.shop\/wp-content\/uploads\/2026\/03\/poddol.jpg\" alt=\"\" width=\"144\" height=\"180\" \/><\/p>\n<h3 data-section-id=\"1ckbqta\" data-start=\"335\" data-end=\"370\">Ch\u00f3 Poodle\u00a0 l\u00e0 g\u00ec?<\/h3>\n<p data-start=\"372\" data-end=\"781\">Ch\u00f3 Poodle\u00a0 l\u00e0 gi\u1ed1ng ch\u00f3 c\u1ea3nh \u0111\u01b0\u1ee3c y\u00eau th\u00edch hi\u1ec7n nay.<br data-start=\"437\" data-end=\"440\" \/>Ngay t\u1eeb \u0111\u1ea7u,\u00a0 thu\u1ea7n ch\u1ee7ng \u0111\u00e3 g\u00e2y \u1ea5n t\u01b0\u1ee3ng v\u1edbi ngo\u1ea1i h\u00ecnh \u0111\u00e1ng y\u00eau.<br data-start=\"516\" data-end=\"519\" \/>Kh\u00f4ng ch\u1ec9 v\u1eady,\u00a0 c\u00f2n n\u1ed5i b\u1eadt v\u1edbi b\u1ed9 l\u00f4ng xo\u0103n \u0111\u1eb7c tr\u01b0ng.<br data-start=\"584\" data-end=\"587\" \/>V\u00ec th\u1ebf, gi\u1ed1ng ch\u00f3 n\u00e0y lu\u00f4n \u0111\u01b0\u1ee3c nhi\u1ec1u ng\u01b0\u1eddi l\u1ef1a ch\u1ecdn nu\u00f4i.<br data-start=\"645\" data-end=\"648\" \/>\u00a0c\u00f3 ngu\u1ed3n g\u1ed1c t\u1eeb ch\u00e2u \u00c2u v\u00e0 ph\u00e1t tri\u1ec3n qua nhi\u1ec1u th\u1ebf h\u1ec7.<br data-start=\"714\" data-end=\"717\" \/>Do \u0111\u00f3, thu\u1ea7n ch\u1ee7ng ng\u00e0y c\u00e0ng \u0111a d\u1ea1ng v\u1ec1 k\u00edch th\u01b0\u1edbc.<\/p>\n<h3 data-section-id=\"1gxosfx\" data-start=\"783\" data-end=\"828\">\u0110\u1eb7c \u0111i\u1ec3m n\u1ed5i b\u1eadt<\/h3>\n<p data-start=\"830\" data-end=\"1202\">Ch\u00f3 Poodle\u00a0 c\u00f3 b\u1ed9 l\u00f4ng xo\u0103n d\u00e0y v\u00e0 \u00edt r\u1ee5ng l\u00f4ng.<br data-start=\"889\" data-end=\"892\" \/>Ngo\u00e0i ra, m\u00e0u l\u00f4ng r\u1ea5t \u0111a d\u1ea1ng nh\u01b0 tr\u1eafng, n\u00e2u, \u0111en ho\u1eb7c kem.<br data-start=\"952\" data-end=\"955\" \/>V\u00ec v\u1eady, ng\u01b0\u1eddi nu\u00f4i c\u00f3 th\u1ec3 ch\u1ecdn theo s\u1edf th\u00edch.<br data-start=\"1011\" data-end=\"1014\" \/>K\u00edch th\u01b0\u1edbc nh\u1ecf g\u1ecdn gi\u00fap ch\u00f3 ph\u00f9 h\u1ee3p kh\u00f4ng gian s\u1ed1ng nh\u1ecf.<br data-start=\"1077\" data-end=\"1080\" \/>B\u00ean c\u1ea1nh \u0111\u00f3, \u0111\u00f4i m\u1eaft tr\u00f2n gi\u00fap t\u0103ng v\u1ebb \u0111\u00e1ng y\u00eau t\u1ef1 nhi\u00ean.<br data-start=\"1137\" data-end=\"1140\" \/>Kh\u00f4ng nh\u1eefng th\u1ebf, ch\u00f3 Poodle\u00a0 c\u00f2n c\u00f3 tu\u1ed5i th\u1ecd cao.<\/p>\n<h3 data-section-id=\"14oyik0\" data-start=\"1204\" data-end=\"1242\">T\u00ednh c\u00e1ch ch\u00f3 Poodle thu\u1ea7n ch\u1ee7ng<\/h3>\n<p data-start=\"1244\" data-end=\"1587\">Ch\u00f3 Poodle thu\u1ea7n ch\u1ee7ng r\u1ea5t th\u00f4ng minh v\u00e0 d\u1ec5 hu\u1ea5n luy\u1ec7n.<br data-start=\"1299\" data-end=\"1302\" \/>Do \u0111\u00f3, ch\u00f3 Poodle th\u01b0\u1eddng \u0111\u01b0\u1ee3c nu\u00f4i trong c\u00e1c gia \u0111\u00ecnh hi\u1ec7n \u0111\u1ea1i.<br data-start=\"1365\" data-end=\"1368\" \/>Ngo\u00e0i ra, gi\u1ed1ng ch\u00f3 n\u00e0y r\u1ea5t th\u00e2n thi\u1ec7n v\u00e0 h\u00f2a \u0111\u1ed3ng.<br data-start=\"1419\" data-end=\"1422\" \/>V\u00ec th\u1ebf, ch\u00f3 Poodle d\u1ec5 d\u00e0ng th\u00edch nghi v\u1edbi m\u00f4i tr\u01b0\u1eddng m\u1edbi.<br data-start=\"1479\" data-end=\"1482\" \/>Ch\u00f3 Poodle th\u00edch ch\u01a1i \u0111\u00f9a v\u00e0 lu\u00f4n tr\u00e0n \u0111\u1ea7y n\u0103ng l\u01b0\u1ee3ng.<br data-start=\"1536\" data-end=\"1539\" \/>\u0110\u1ed3ng th\u1eddi, ch\u00fang r\u1ea5t trung th\u00e0nh v\u1edbi ch\u1ee7 nu\u00f4i.<\/p>\n<h3 data-section-id=\"mgoxxe\" data-start=\"1589\" data-end=\"1641\">C\u00e1ch ch\u0103m s\u00f3c c\u00fan \u0111\u00fang c\u00e1ch<\/h3>\n<p data-start=\"1643\" data-end=\"1988\">Ch\u0103m s\u00f3c\u00a0 c\u1ea7n ch\u00fa \u00fd \u0111\u1ebfn b\u1ed9 l\u00f4ng.<br data-start=\"1697\" data-end=\"1700\" \/>V\u00ec v\u1eady, b\u1ea1n n\u00ean ch\u1ea3i l\u00f4ng m\u1ed7i ng\u00e0y \u0111\u1ec3 tr\u00e1nh b\u1ecb r\u1ed1i.<br data-start=\"1751\" data-end=\"1754\" \/>Ngo\u00e0i ra, vi\u1ec7c t\u1eafm r\u1eeda \u0111\u1ecbnh k\u1ef3 gi\u00fap gi\u1eef v\u1ec7 sinh s\u1ea1ch s\u1ebd.<br data-start=\"1810\" data-end=\"1813\" \/>B\u00ean c\u1ea1nh \u0111\u00f3, ch\u1ebf \u0111\u1ed9 dinh d\u01b0\u1ee1ng c\u1ea7n \u0111\u1ea7y \u0111\u1ee7 v\u00e0 c\u00e2n b\u1eb1ng.<br data-start=\"1867\" data-end=\"1870\" \/>Do \u0111\u00f3, ch\u00f3 Poodle s\u1ebd ph\u00e1t tri\u1ec3n kh\u1ecfe m\u1ea1nh h\u01a1n m\u1ed7i ng\u00e0y.<br data-start=\"1925\" data-end=\"1928\" \/>Cu\u1ed1i c\u00f9ng, n\u00ean cho ch\u00f3 Poodle v\u1eadn \u0111\u1ed9ng \u0111\u1ec3 duy tr\u00ec th\u1ec3 l\u1ef1c.<\/p>\n<p data-start=\"1990\" data-end=\"2057\" data-is-last-node=\"\" data-is-only-node=\"\">Ch\u00f3 Poodle thu\u1ea7n ch\u1ee7ng l\u00e0 l\u1ef1a ch\u1ecdn l\u00fd t\u01b0\u1edfng cho ng\u01b0\u1eddi y\u00eau th\u00fa c\u01b0ng.<\/p>\n","protected":false},"excerpt":{"rendered":"<div class=\"flex flex-col text-sm pb-25\">\n<section class=\"text-token-text-primary w-full focus:outline-none [--shadow-height:45px] has-data-writing-block:pointer-events-none has-data-writing-block:-mt-(--shadow-height) has-data-writing-block:pt-(--shadow-height) [&amp;:has([data-writing-block])&gt;*]:pointer-events-auto scroll-mt-[calc(var(--header-height)+min(200px,max(70px,20svh)))]\" dir=\"auto\" data-turn-id=\"request-WEB:a79ad1b1-cb89-4ee6-aa5f-960472ccbaa4-7\" data-testid=\"conversation-turn-16\" data-scroll-anchor=\"true\" data-turn=\"assistant\">\n<div class=\"text-base my-auto mx-auto pb-10 [--thread-content-margin:var(--thread-content-margin-xs,calc(var(--spacing)*4))] @w-sm\/main:[--thread-content-margin:var(--thread-content-margin-sm,calc(var(--spacing)*6))] @w-lg\/main:[--thread-content-margin:var(--thread-content-margin-lg,calc(var(--spacing)*16))] px-(--thread-content-margin)\">\n<div class=\"[--thread-content-max-width:40rem] @w-lg\/main:[--thread-content-max-width:48rem] mx-auto max-w-(--thread-content-max-width) flex-1 group\/turn-messages focus-visible:outline-hidden relative flex w-full min-w-0 flex-col agent-turn\">\n<div class=\"flex max-w-full flex-col gap-4 grow\">\n<div class=\"min-h-8 text-message relative flex w-full flex-col items-end gap-2 text-start break-words whitespace-normal outline-none keyboard-focused:focus-ring [.text-message+&amp;]:mt-1\" dir=\"auto\" tabindex=\"0\" data-message-author-role=\"assistant\" data-message-id=\"c4acb512-7750-4f30-9fb7-9e19bd8f44db\" data-message-model-slug=\"gpt-5-3\" data-turn-start-message=\"true\">\n<div class=\"flex w-full flex-col gap-1 empty:hidden\">\n<div class=\"markdown prose dark:prose-invert w-full wrap-break-word light markdown-new-styling\">\n<p data-start=\"0\" data-end=\"129\" data-is-last-node=\"\" data-is-only-node=\"\">Ch\u00f3 Poodle thu\u1ea7n ch\u1ee7ng th\u00f4ng minh, l\u00f4ng xo\u0103n \u0111\u1eb9p, d\u1ec5 nu\u00f4i v\u00e0 th\u00e2n thi\u1ec7n.<\/p>\n<p data-start=\"0\" data-end=\"129\" data-is-last-node=\"\" data-is-only-node=\"\">Ph\u00f9 h\u1ee3p l\u00e0m th\u00fa c\u01b0ng trong m\u1ecdi gia \u0111\u00ecnh.<\/p>\n<\/div>\n<\/div>\n<\/div>\n<\/div>\n<div class=\"z-0 flex min-h-[46px] justify-start\"><\/div>\n<div class=\"mt-3 w-full empty:hidden\">\n<div class=\"text-center\"><\/div>\n<\/div>\n<\/div>\n<\/div>\n<\/section>\n<\/div>\n<div class=\"pointer-events-none h-px w-px absolute bottom-0\" aria-hidden=\"true\" data-edge=\"true\"><\/div>\n","protected":false},"featured_media":181,"comment_status":"open","ping_status":"closed","template":"","meta":[],"product_brand":[],"product_cat":[28],"product_tag":[],"class_list":{"0":"post-610","1":"product","2":"type-product","3":"status-publish","4":"has-post-thumbnail","6":"product_cat-thu-cung","8":"first","9":"instock","10":"sale","11":"taxable","12":"shipping-taxable","13":"purchasable","14":"product-type-variable"},"yoast_head":"<!-- This site is optimized with the Yoast SEO plugin v27.2 - https:\/\/yoast.com\/product\/yoast-seo-wordpress\/ -->\n<title>ch\u00f3 Poodle - shop th\u00fa c\u01b0ng<\/title>\n<meta name=\"description\" content=\"Ch\u00f3 Poodle thu\u1ea7n ch\u1ee7ng th\u00f4ng minh, d\u1ec5 nu\u00f4i, l\u00f4ng xo\u0103n \u0111\u1eb9p. Kh\u00e1m ph\u00e1 \u0111\u1eb7c \u0111i\u1ec3m, t\u00ednh c\u00e1ch v\u00e0 c\u00e1ch ch\u0103m s\u00f3c hi\u1ec7u qu\u1ea3.Th\u1ee9c \u0103n cho ch\u00f3 Poodle gi\u00e0u dinh d\u01b0\u1ee1ng\" \/>\n<meta name=\"robots\" content=\"index, follow, max-snippet:-1, max-image-preview:large, max-video-preview:-1\" \/>\n<link rel=\"canonical\" href=\"https:\/\/petluxu.azdigi.shop\/?product=cho-poodle\" \/>\n<meta property=\"og:locale\" content=\"en_US\" \/>\n<meta property=\"og:type\" content=\"article\" \/>\n<meta property=\"og:title\" content=\"ch\u00f3 Poodle - shop th\u00fa c\u01b0ng\" \/>\n<meta property=\"og:description\" content=\"Ch\u00f3 Poodle thu\u1ea7n ch\u1ee7ng th\u00f4ng minh, d\u1ec5 nu\u00f4i, l\u00f4ng xo\u0103n \u0111\u1eb9p. Kh\u00e1m ph\u00e1 \u0111\u1eb7c \u0111i\u1ec3m, t\u00ednh c\u00e1ch v\u00e0 c\u00e1ch ch\u0103m s\u00f3c hi\u1ec7u qu\u1ea3.Th\u1ee9c \u0103n cho ch\u00f3 Poodle gi\u00e0u dinh d\u01b0\u1ee1ng\" \/>\n<meta property=\"og:url\" content=\"https:\/\/petluxu.azdigi.shop\/?product=cho-poodle\" \/>\n<meta property=\"og:site_name\" content=\"shop th\u00fa c\u01b0ng\" \/>\n<meta property=\"article:modified_time\" content=\"2026-04-11T22:19:50+00:00\" \/>\n<meta property=\"og:image\" content=\"https:\/\/petluxu.azdigi.shop\/wp-content\/uploads\/2026\/03\/poddol.jpg\" \/>\n\t<meta property=\"og:image:width\" content=\"144\" \/>\n\t<meta property=\"og:image:height\" content=\"180\" \/>\n\t<meta property=\"og:image:type\" content=\"image\/jpeg\" \/>\n<meta name=\"twitter:card\" content=\"summary_large_image\" \/>\n<meta name=\"twitter:label1\" content=\"Est. reading time\" \/>\n\t<meta name=\"twitter:data1\" content=\"2 minutes\" \/>\n<script type=\"application\/ld+json\" class=\"yoast-schema-graph\">{\"@context\":\"https:\/\/schema.org\",\"@graph\":[{\"@type\":\"WebPage\",\"@id\":\"https:\/\/petluxu.azdigi.shop\/?product=cho-poodle\",\"url\":\"https:\/\/petluxu.azdigi.shop\/?product=cho-poodle\",\"name\":\"ch\u00f3 Poodle - shop th\u00fa c\u01b0ng\",\"isPartOf\":{\"@id\":\"https:\/\/petluxu.azdigi.shop\/#website\"},\"primaryImageOfPage\":{\"@id\":\"https:\/\/petluxu.azdigi.shop\/?product=cho-poodle#primaryimage\"},\"image\":{\"@id\":\"https:\/\/petluxu.azdigi.shop\/?product=cho-poodle#primaryimage\"},\"thumbnailUrl\":\"https:\/\/petluxu.azdigi.shop\/wp-content\/uploads\/2026\/03\/poddol.jpg\",\"datePublished\":\"2026-04-10T14:06:50+00:00\",\"dateModified\":\"2026-04-11T22:19:50+00:00\",\"description\":\"Ch\u00f3 Poodle thu\u1ea7n ch\u1ee7ng th\u00f4ng minh, d\u1ec5 nu\u00f4i, l\u00f4ng xo\u0103n \u0111\u1eb9p. Kh\u00e1m ph\u00e1 \u0111\u1eb7c \u0111i\u1ec3m, t\u00ednh c\u00e1ch v\u00e0 c\u00e1ch ch\u0103m s\u00f3c hi\u1ec7u qu\u1ea3.Th\u1ee9c \u0103n cho ch\u00f3 Poodle gi\u00e0u dinh d\u01b0\u1ee1ng\",\"breadcrumb\":{\"@id\":\"https:\/\/petluxu.azdigi.shop\/?product=cho-poodle#breadcrumb\"},\"inLanguage\":\"en-US\",\"potentialAction\":[{\"@type\":\"ReadAction\",\"target\":[\"https:\/\/petluxu.azdigi.shop\/?product=cho-poodle\"]}]},{\"@type\":\"ImageObject\",\"inLanguage\":\"en-US\",\"@id\":\"https:\/\/petluxu.azdigi.shop\/?product=cho-poodle#primaryimage\",\"url\":\"https:\/\/petluxu.azdigi.shop\/wp-content\/uploads\/2026\/03\/poddol.jpg\",\"contentUrl\":\"https:\/\/petluxu.azdigi.shop\/wp-content\/uploads\/2026\/03\/poddol.jpg\",\"width\":144,\"height\":180},{\"@type\":\"BreadcrumbList\",\"@id\":\"https:\/\/petluxu.azdigi.shop\/?product=cho-poodle#breadcrumb\",\"itemListElement\":[{\"@type\":\"ListItem\",\"position\":1,\"name\":\"Home\",\"item\":\"https:\/\/petluxu.azdigi.shop\/\"},{\"@type\":\"ListItem\",\"position\":2,\"name\":\"Shop\",\"item\":\"https:\/\/petluxu.azdigi.shop\/?page_id=348\"},{\"@type\":\"ListItem\",\"position\":3,\"name\":\"ch\u00f3 Poodle\"}]},{\"@type\":\"WebSite\",\"@id\":\"https:\/\/petluxu.azdigi.shop\/#website\",\"url\":\"https:\/\/petluxu.azdigi.shop\/\",\"name\":\"shop th\u00fa c\u01b0ng\",\"description\":\"\",\"potentialAction\":[{\"@type\":\"SearchAction\",\"target\":{\"@type\":\"EntryPoint\",\"urlTemplate\":\"https:\/\/petluxu.azdigi.shop\/?s={search_term_string}\"},\"query-input\":{\"@type\":\"PropertyValueSpecification\",\"valueRequired\":true,\"valueName\":\"search_term_string\"}}],\"inLanguage\":\"en-US\"}]}<\/script>\n<!-- \/ Yoast SEO plugin. -->","yoast_head_json":{"title":"ch\u00f3 Poodle - shop th\u00fa c\u01b0ng","description":"Ch\u00f3 Poodle thu\u1ea7n ch\u1ee7ng th\u00f4ng minh, d\u1ec5 nu\u00f4i, l\u00f4ng xo\u0103n \u0111\u1eb9p. Kh\u00e1m ph\u00e1 \u0111\u1eb7c \u0111i\u1ec3m, t\u00ednh c\u00e1ch v\u00e0 c\u00e1ch ch\u0103m s\u00f3c hi\u1ec7u qu\u1ea3.Th\u1ee9c \u0103n cho ch\u00f3 Poodle gi\u00e0u dinh d\u01b0\u1ee1ng","robots":{"index":"index","follow":"follow","max-snippet":"max-snippet:-1","max-image-preview":"max-image-preview:large","max-video-preview":"max-video-preview:-1"},"canonical":"https:\/\/petluxu.azdigi.shop\/?product=cho-poodle","og_locale":"en_US","og_type":"article","og_title":"ch\u00f3 Poodle - shop th\u00fa c\u01b0ng","og_description":"Ch\u00f3 Poodle thu\u1ea7n ch\u1ee7ng th\u00f4ng minh, d\u1ec5 nu\u00f4i, l\u00f4ng xo\u0103n \u0111\u1eb9p. Kh\u00e1m ph\u00e1 \u0111\u1eb7c \u0111i\u1ec3m, t\u00ednh c\u00e1ch v\u00e0 c\u00e1ch ch\u0103m s\u00f3c hi\u1ec7u qu\u1ea3.Th\u1ee9c \u0103n cho ch\u00f3 Poodle gi\u00e0u dinh d\u01b0\u1ee1ng","og_url":"https:\/\/petluxu.azdigi.shop\/?product=cho-poodle","og_site_name":"shop th\u00fa c\u01b0ng","article_modified_time":"2026-04-11T22:19:50+00:00","og_image":[{"width":144,"height":180,"url":"https:\/\/petluxu.azdigi.shop\/wp-content\/uploads\/2026\/03\/poddol.jpg","type":"image\/jpeg"}],"twitter_card":"summary_large_image","twitter_misc":{"Est. reading time":"2 minutes"},"schema":{"@context":"https:\/\/schema.org","@graph":[{"@type":"WebPage","@id":"https:\/\/petluxu.azdigi.shop\/?product=cho-poodle","url":"https:\/\/petluxu.azdigi.shop\/?product=cho-poodle","name":"ch\u00f3 Poodle - shop th\u00fa c\u01b0ng","isPartOf":{"@id":"https:\/\/petluxu.azdigi.shop\/#website"},"primaryImageOfPage":{"@id":"https:\/\/petluxu.azdigi.shop\/?product=cho-poodle#primaryimage"},"image":{"@id":"https:\/\/petluxu.azdigi.shop\/?product=cho-poodle#primaryimage"},"thumbnailUrl":"https:\/\/petluxu.azdigi.shop\/wp-content\/uploads\/2026\/03\/poddol.jpg","datePublished":"2026-04-10T14:06:50+00:00","dateModified":"2026-04-11T22:19:50+00:00","description":"Ch\u00f3 Poodle thu\u1ea7n ch\u1ee7ng th\u00f4ng minh, d\u1ec5 nu\u00f4i, l\u00f4ng xo\u0103n \u0111\u1eb9p. Kh\u00e1m ph\u00e1 \u0111\u1eb7c \u0111i\u1ec3m, t\u00ednh c\u00e1ch v\u00e0 c\u00e1ch ch\u0103m s\u00f3c hi\u1ec7u qu\u1ea3.Th\u1ee9c \u0103n cho ch\u00f3 Poodle gi\u00e0u dinh d\u01b0\u1ee1ng","breadcrumb":{"@id":"https:\/\/petluxu.azdigi.shop\/?product=cho-poodle#breadcrumb"},"inLanguage":"en-US","potentialAction":[{"@type":"ReadAction","target":["https:\/\/petluxu.azdigi.shop\/?product=cho-poodle"]}]},{"@type":"ImageObject","inLanguage":"en-US","@id":"https:\/\/petluxu.azdigi.shop\/?product=cho-poodle#primaryimage","url":"https:\/\/petluxu.azdigi.shop\/wp-content\/uploads\/2026\/03\/poddol.jpg","contentUrl":"https:\/\/petluxu.azdigi.shop\/wp-content\/uploads\/2026\/03\/poddol.jpg","width":144,"height":180},{"@type":"BreadcrumbList","@id":"https:\/\/petluxu.azdigi.shop\/?product=cho-poodle#breadcrumb","itemListElement":[{"@type":"ListItem","position":1,"name":"Home","item":"https:\/\/petluxu.azdigi.shop\/"},{"@type":"ListItem","position":2,"name":"Shop","item":"https:\/\/petluxu.azdigi.shop\/?page_id=348"},{"@type":"ListItem","position":3,"name":"ch\u00f3 Poodle"}]},{"@type":"WebSite","@id":"https:\/\/petluxu.azdigi.shop\/#website","url":"https:\/\/petluxu.azdigi.shop\/","name":"shop th\u00fa c\u01b0ng","description":"","potentialAction":[{"@type":"SearchAction","target":{"@type":"EntryPoint","urlTemplate":"https:\/\/petluxu.azdigi.shop\/?s={search_term_string}"},"query-input":{"@type":"PropertyValueSpecification","valueRequired":true,"valueName":"search_term_string"}}],"inLanguage":"en-US"}]}},"_links":{"self":[{"href":"https:\/\/petluxu.azdigi.shop\/index.php?rest_route=\/wp\/v2\/product\/610","targetHints":{"allow":["GET"]}}],"collection":[{"href":"https:\/\/petluxu.azdigi.shop\/index.php?rest_route=\/wp\/v2\/product"}],"about":[{"href":"https:\/\/petluxu.azdigi.shop\/index.php?rest_route=\/wp\/v2\/types\/product"}],"replies":[{"embeddable":true,"href":"https:\/\/petluxu.azdigi.shop\/index.php?rest_route=%2Fwp%2Fv2%2Fcomments&post=610"}],"wp:featuredmedia":[{"embeddable":true,"href":"https:\/\/petluxu.azdigi.shop\/index.php?rest_route=\/wp\/v2\/media\/181"}],"wp:attachment":[{"href":"https:\/\/petluxu.azdigi.shop\/index.php?rest_route=%2Fwp%2Fv2%2Fmedia&parent=610"}],"wp:term":[{"taxonomy":"product_brand","embeddable":true,"href":"https:\/\/petluxu.azdigi.shop\/index.php?rest_route=%2Fwp%2Fv2%2Fproduct_brand&post=610"},{"taxonomy":"product_cat","embeddable":true,"href":"https:\/\/petluxu.azdigi.shop\/index.php?rest_route=%2Fwp%2Fv2%2Fproduct_cat&post=610"},{"taxonomy":"product_tag","embeddable":true,"href":"https:\/\/petluxu.azdigi.shop\/index.php?rest_route=%2Fwp%2Fv2%2Fproduct_tag&post=610"}],"curies":[{"name":"wp","href":"https:\/\/api.w.org\/{rel}","templated":true}]}}