{"id":623,"date":"2026-04-10T14:55:36","date_gmt":"2026-04-10T14:55:36","guid":{"rendered":"https:\/\/petluxu.azdigi.shop\/?post_type=product&#038;p=623"},"modified":"2026-04-11T22:19:16","modified_gmt":"2026-04-11T22:19:16","slug":"cho-husky","status":"publish","type":"product","link":"https:\/\/petluxu.azdigi.shop\/?product=cho-husky","title":{"rendered":"Ch\u00f3 Husky"},"content":{"rendered":"<p><img loading=\"lazy\" decoding=\"async\" class=\"alignnone size-medium wp-image-206 aligncenter\" src=\"https:\/\/petluxu.azdigi.shop\/wp-content\/uploads\/2026\/03\/Nguon-goc-cho-husky-1024x777-1-300x228.jpg\" alt=\"\" width=\"300\" height=\"228\" srcset=\"https:\/\/petluxu.azdigi.shop\/wp-content\/uploads\/2026\/03\/Nguon-goc-cho-husky-1024x777-1-300x228.jpg 300w, https:\/\/petluxu.azdigi.shop\/wp-content\/uploads\/2026\/03\/Nguon-goc-cho-husky-1024x777-1-600x455.jpg 600w, https:\/\/petluxu.azdigi.shop\/wp-content\/uploads\/2026\/03\/Nguon-goc-cho-husky-1024x777-1-768x583.jpg 768w, https:\/\/petluxu.azdigi.shop\/wp-content\/uploads\/2026\/03\/Nguon-goc-cho-husky-1024x777-1.jpg 1024w\" sizes=\"auto, (max-width: 300px) 100vw, 300px\" \/><\/p>\n<h3 data-section-id=\"o301y2\" data-start=\"323\" data-end=\"345\"><span dir=\"auto\" style=\"vertical-align: inherit;\"><span dir=\"auto\" style=\"vertical-align: inherit;\">Ch\u00f3 Husky l\u00e0 g\u00ec?<\/span><\/span><\/h3>\n<p data-start=\"347\" data-end=\"757\"><span dir=\"auto\" style=\"vertical-align: inherit;\"><span dir=\"auto\" style=\"vertical-align: inherit;\">Ch\u00f3 Husky l\u00e0 gi\u1ed1ng ch\u00f3 k\u00e9o xe n\u1ed5i ti\u1ebfng c\u00f3 ngu\u1ed3n g\u1ed1c t\u1eeb v\u00f9ng l\u1ea1nh gi\u00e1. <\/span><\/span><br data-start=\"417\" data-end=\"420\" \/><span dir=\"auto\" style=\"vertical-align: inherit;\"><span dir=\"auto\" style=\"vertical-align: inherit;\">Ngay t\u1eeb \u0111\u1ea7u, gi\u1ed1ng ch\u00f3 n\u00e0y g\u00e2y \u1ea5n t\u01b0\u1ee3ng v\u1edbi ngo\u1ea1i h\u00ecnh gi\u1ed1ng hoang hoang d\u00e3. <\/span><\/span><br data-start=\"494\" data-end=\"497\" \/><span dir=\"auto\" style=\"vertical-align: inherit;\"><span dir=\"auto\" style=\"vertical-align: inherit;\">Kh\u00f4ng ch\u1ec9 nh\u01b0 v\u1eady, ch\u00fang c\u00f2n r\u1ea5t th\u00e2n thi\u1ec7n v\u00e0 ho\u1ea1t b\u00e1t. <\/span><\/span><br data-start=\"549\" data-end=\"552\" \/><span dir=\"auto\" style=\"vertical-align: inherit;\"><span dir=\"auto\" style=\"vertical-align: inherit;\">V\u00ec th\u1ebf, gi\u1ed1ng ch\u00f3 n\u00e0y \u0111\u01b0\u1ee3c nhi\u1ec1u ng\u01b0\u1eddi y\u00eau th\u00edch v\u00e0 nu\u00f4i l\u00e0m th\u00fa y. <\/span><\/span><br data-start=\"622\" data-end=\"625\" \/><span dir=\"auto\" style=\"vertical-align: inherit;\"><span dir=\"auto\" style=\"vertical-align: inherit;\">Gi\u1ed1ng ch\u00f3 n\u00e0y c\u00f3 ngu\u1ed3n g\u1ed1c t\u1eeb Siberia v\u00e0 th\u00edch nghi t\u1ed1t v\u1edbi kh\u00ed h\u1eadu l\u1ea1nh. <\/span><\/span><br data-start=\"698\" data-end=\"701\" \/><span dir=\"auto\" style=\"vertical-align: inherit;\"><span dir=\"auto\" style=\"vertical-align: inherit;\">L\u00e0m \u0111\u01b0\u1ee3c \u0111i\u1ec1u \u0111\u00f3, ch\u00fang t\u00f4i c\u00f3 kh\u1ea3 n\u0103ng ch\u1ecbu l\u1ea1nh v\u00e0 s\u1ee9c b\u1ec1n r\u1ea5t cao.<\/span><\/span><\/p>\n<h3 data-section-id=\"1qzmdrx\" data-start=\"759\" data-end=\"781\"><span dir=\"auto\" style=\"vertical-align: inherit;\"><span dir=\"auto\" style=\"vertical-align: inherit;\">\u0110i\u1ec3m \u0111\u1eb7c bi\u1ec7t<\/span><\/span><\/h3>\n<p data-start=\"783\" data-end=\"1149\"><span dir=\"auto\" style=\"vertical-align: inherit;\"><span dir=\"auto\" style=\"vertical-align: inherit;\">Gi\u1ed1ng ch\u00f3 n\u00e0y c\u00f3 th\u1ec3 h\u00ecnh c\u00e2n \u0111\u1ed1i v\u00e0 ph\u00e1t tri\u1ec3n c\u01a1 b\u1eafp t\u1ed1t. <\/span><\/span><br data-start=\"843\" data-end=\"846\" \/><span dir=\"auto\" style=\"vertical-align: inherit;\"><span dir=\"auto\" style=\"vertical-align: inherit;\">Ngo\u00e0i ra, b\u1ed9 l\u00f4ng d\u00e0y hai l\u1edbp gi\u00fap gi\u1eef \u1ea5m c\u01a1 th\u1ec3 hi\u1ec7u qu\u1ea3. <\/span><\/span><br data-start=\"904\" data-end=\"907\" \/><span dir=\"auto\" style=\"vertical-align: inherit;\"><span dir=\"auto\" style=\"vertical-align: inherit;\">V\u00ec v\u1eady, ch\u00fang ph\u00f9 h\u1ee3p v\u1edbi m\u00f4i tr\u01b0\u1eddng l\u1ea1nh gi\u00e1. <\/span><\/span><br data-start=\"953\" data-end=\"956\" \/><span dir=\"auto\" style=\"vertical-align: inherit;\"><span dir=\"auto\" style=\"vertical-align: inherit;\">M\u00e0u l\u00f4ng ph\u1ed5 bi\u1ebfn g\u1ed3m \u0111en tr\u1eafng, x\u00e1m tr\u1eafng ho\u1eb7c n\u00e2u \u0111\u1ecf. <\/span><\/span><br data-start=\"1011\" data-end=\"1014\" \/><span dir=\"auto\" style=\"vertical-align: inherit;\"><span dir=\"auto\" style=\"vertical-align: inherit;\">B\u00ean c\u1ea1nh \u0111\u00f3, \u0111\u00f4i m\u1eaft c\u00f3 th\u1ec3 m\u00e0u xanh ho\u1eb7c hai m\u00e0u r\u1ea5t \u0111\u1eb7c bi\u1ec7t. <\/span><\/span><br data-start=\"1077\" data-end=\"1080\" \/><span dir=\"auto\" style=\"vertical-align: inherit;\"><span dir=\"auto\" style=\"vertical-align: inherit;\">Kh\u00f4ng nh\u1eefng th\u1ebf, gi\u1ed1ng ch\u00f3 n\u00e0y c\u00f3 s\u1ee9c s\u1ed1ng v\u00e0 kh\u1ea3 n\u0103ng v\u1eadn \u0111\u1ed9ng cao.<\/span><\/span><\/p>\n<h3 data-section-id=\"1o58980\" data-start=\"1151\" data-end=\"1166\"><span dir=\"auto\" style=\"vertical-align: inherit;\"><span dir=\"auto\" style=\"vertical-align: inherit;\">T\u00ednh c\u00e1ch<\/span><\/span><\/h3>\n<p data-start=\"1168\" data-end=\"1526\"><span dir=\"auto\" style=\"vertical-align: inherit;\"><span dir=\"auto\" style=\"vertical-align: inherit;\">Ch\u00f3 Husky r\u1ea5t th\u00e2n thi\u1ec7n v\u00e0 h\u00f2a \u0111\u1ed3ng v\u1edbi con ng\u01b0\u1eddi. <\/span><\/span><br data-start=\"1219\" data-end=\"1222\" \/><span dir=\"auto\" style=\"vertical-align: inherit;\"><span dir=\"auto\" style=\"vertical-align: inherit;\">Do \u0111\u00f3, h\u1ecd th\u01b0\u1eddng \u0111\u01b0\u1ee3c nu\u00f4i trong gia \u0111\u00ecnh c\u00f3 tr\u1ebb nh\u1ecf. <\/span><\/span><br data-start=\"1278\" data-end=\"1281\" \/><span dir=\"auto\" style=\"vertical-align: inherit;\"><span dir=\"auto\" style=\"vertical-align: inherit;\">Ngo\u00e0i ra, gi\u1ed1ng ch\u00f3 n\u00e0y kh\u00e1 th\u00f4ng minh nh\u01b0ng c\u0169ng r\u1ea5t ngh\u1ecbch ng\u1ee3m. <\/span><\/span><br data-start=\"1347\" data-end=\"1350\" \/><span dir=\"auto\" style=\"vertical-align: inherit;\"><span dir=\"auto\" style=\"vertical-align: inherit;\">V\u00ec th\u1ebf, c\u00f4ng vi\u1ec7c hu\u1ea5n luy\u1ec7n c\u1ea7n c\u00f3 s\u1ef1 hi\u1ec3n th\u1ecb v\u00e0 t\u1ed1i \u01b0u. <\/span><\/span><br data-start=\"1404\" data-end=\"1407\" \/><span dir=\"auto\" style=\"vertical-align: inherit;\"><span dir=\"auto\" style=\"vertical-align: inherit;\">Gi\u1ed1ng ch\u00f3 n\u00e0y th\u00edch ch\u1ea1y nh\u1ea3y v\u00e0 c\u1ea7n v\u1eadn \u0111\u1ed9ng th\u01b0\u1eddng xuy\u00ean. <\/span><\/span><br data-start=\"1466\" data-end=\"1469\" \/><span dir=\"auto\" style=\"vertical-align: inherit;\"><span dir=\"auto\" style=\"vertical-align: inherit;\">\u0110\u1ed3ng th\u1eddi, ch\u00fang c\u00f3 t\u00ednh \u0111\u1ed9c l\u1eadp v\u00e0 \u0111\u00f4i khi c\u1ee9ng r\u1eafn.<\/span><\/span><\/p>\n<h3 data-section-id=\"1fpktia\" data-start=\"1528\" data-end=\"1557\"><span dir=\"auto\" style=\"vertical-align: inherit;\"><span dir=\"auto\" style=\"vertical-align: inherit;\">C\u00e1ch ch\u0103m s\u00f3c \u0111\u00fang c\u00e1ch<\/span><\/span><\/h3>\n<p data-start=\"1559\" data-end=\"1926\"><span dir=\"auto\" style=\"vertical-align: inherit;\"><span dir=\"auto\" style=\"vertical-align: inherit;\">Ch\u0103m s\u00f3c gi\u1ed1ng ch\u00f3 n\u00e0y c\u1ea7n ch\u00fa \u00fd \u0111\u1ebfn m\u00f4i tr\u01b0\u1eddng s\u1ed1ng m\u00e1t m\u1ebb. <\/span><\/span><br data-start=\"1619\" data-end=\"1622\" \/><span dir=\"auto\" style=\"vertical-align: inherit;\"><span dir=\"auto\" style=\"vertical-align: inherit;\">V\u00ec v\u1eady, n\u00ean h\u1ea1n ch\u1ebf ch\u1ebf \u0111\u1ed9 nu\u00f4i \u1edf n\u01a1i c\u00f3 nhi\u1ec7t \u0111\u1ed9 cao. <\/span><\/span><br data-start=\"1669\" data-end=\"1672\" \/><span dir=\"auto\" style=\"vertical-align: inherit;\"><span dir=\"auto\" style=\"vertical-align: inherit;\">Ngo\u00e0i ra, c\u1ea7n ph\u1ea3i ch\u1ecdn ch\u00fang ho\u1ea1t \u0111\u1ed9ng m\u1ed7i ng\u00e0y \u0111\u1ec3 khai th\u00e1c n\u0103ng l\u01b0\u1ee3ng. <\/span><\/span><br data-start=\"1739\" data-end=\"1742\" \/><span dir=\"auto\" style=\"vertical-align: inherit;\"><span dir=\"auto\" style=\"vertical-align: inherit;\">B\u00ean c\u1ea1nh \u0111\u00f3, vi\u1ec7c ch\u1ea3i l\u00f4ng gi\u00fap gi\u1ea3m r\u1ee5ng l\u00f4ng hi\u1ec7u \u1ee9ng. <\/span><\/span><br data-start=\"1799\" data-end=\"1802\" \/><span dir=\"auto\" style=\"vertical-align: inherit;\"><span dir=\"auto\" style=\"vertical-align: inherit;\">Do \u0111\u00f3, th\u00fa y s\u1ebd lu\u00f4n kh\u1ecfe m\u1ea1nh v\u00e0 s\u1ea1ch s\u1ebd h\u01a1n. <\/span><\/span><br data-start=\"1851\" data-end=\"1854\" \/><span dir=\"auto\" style=\"vertical-align: inherit;\"><span dir=\"auto\" style=\"vertical-align: inherit;\">Cu\u1ed1i c\u00f9ng, c\u1ea7n b\u1ed5 sung dinh d\u01b0\u1ee1ng \u0111\u1ea7y \u0111\u1ee7 v\u00e0 ki\u1ec3m tra s\u1ee9c kh\u1ecfe \u0111\u1ecbnh k\u1ef3.<\/span><\/span><\/p>\n<p data-start=\"1928\" data-end=\"1994\"><span dir=\"auto\" style=\"vertical-align: inherit;\"><span dir=\"auto\" style=\"vertical-align: inherit;\">\u0110\u00e2y l\u00e0 l\u1ef1a ch\u1ecdn ph\u00f9 h\u1ee3p cho ng\u01b0\u1eddi y\u00eau th\u00edch gi\u1ed1ng ch\u00f3 n\u0103ng \u0111\u1ed9ng.<\/span><\/span><\/p>\n","protected":false},"excerpt":{"rendered":"<p><span dir=\"auto\" style=\"vertical-align: inherit;\"><span dir=\"auto\" style=\"vertical-align: inherit;\">N\u0103ng \u0111\u1ed9ng, th\u00f4ng minh, ngo\u1ea1i h\u00ecnh \u0111\u1eb9p v\u00e0 th\u00e2n thi\u1ec7n. Ph\u00f9 h\u1ee3p v\u1edbi ng\u01b0\u1eddi th\u00edch v\u1eadn \u0111\u1ed9ng v\u00e0 kh\u00e1m ph\u00e1.<\/span><\/span><\/p>\n","protected":false},"featured_media":206,"comment_status":"open","ping_status":"closed","template":"","meta":[],"product_brand":[],"product_cat":[28],"product_tag":[],"class_list":{"0":"post-623","1":"product","2":"type-product","3":"status-publish","4":"has-post-thumbnail","6":"product_cat-thu-cung","8":"first","9":"instock","10":"sale","11":"taxable","12":"shipping-taxable","13":"purchasable","14":"product-type-variable"},"yoast_head":"<!-- This site is optimized with the Yoast SEO plugin v27.2 - https:\/\/yoast.com\/product\/yoast-seo-wordpress\/ -->\n<title>Ch\u00f3 Husky - shop th\u00fa c\u01b0ng<\/title>\n<meta name=\"description\" content=\"Ch\u00f3 Husky n\u0103ng \u0111\u1ed9ng, th\u00f4ng minh, ngo\u1ea1i h\u00ecnh \u0111\u1eb9p v\u00e0 ch\u1ecbu l\u1ea1nh t\u1ed1t. Kh\u00e1m ph\u00e1 \u0111\u1eb7c \u0111i\u1ec3m, t\u00ednh c\u00e1ch v\u00e0 c\u00e1ch ch\u0103m s\u00f3c hi\u1ec7u qu\u1ea3.\" \/>\n<meta name=\"robots\" content=\"index, follow, max-snippet:-1, max-image-preview:large, max-video-preview:-1\" \/>\n<link rel=\"canonical\" href=\"https:\/\/petluxu.azdigi.shop\/?product=cho-husky\" \/>\n<meta property=\"og:locale\" content=\"en_US\" \/>\n<meta property=\"og:type\" content=\"article\" \/>\n<meta property=\"og:title\" content=\"Ch\u00f3 Husky - shop th\u00fa c\u01b0ng\" \/>\n<meta property=\"og:description\" content=\"Ch\u00f3 Husky n\u0103ng \u0111\u1ed9ng, th\u00f4ng minh, ngo\u1ea1i h\u00ecnh \u0111\u1eb9p v\u00e0 ch\u1ecbu l\u1ea1nh t\u1ed1t. Kh\u00e1m ph\u00e1 \u0111\u1eb7c \u0111i\u1ec3m, t\u00ednh c\u00e1ch v\u00e0 c\u00e1ch ch\u0103m s\u00f3c hi\u1ec7u qu\u1ea3.\" \/>\n<meta property=\"og:url\" content=\"https:\/\/petluxu.azdigi.shop\/?product=cho-husky\" \/>\n<meta property=\"og:site_name\" content=\"shop th\u00fa c\u01b0ng\" \/>\n<meta property=\"article:modified_time\" content=\"2026-04-11T22:19:16+00:00\" \/>\n<meta property=\"og:image\" content=\"https:\/\/petluxu.azdigi.shop\/wp-content\/uploads\/2026\/03\/Nguon-goc-cho-husky-1024x777-1.jpg\" \/>\n\t<meta property=\"og:image:width\" content=\"1024\" \/>\n\t<meta property=\"og:image:height\" content=\"777\" \/>\n\t<meta property=\"og:image:type\" content=\"image\/jpeg\" \/>\n<meta name=\"twitter:card\" content=\"summary_large_image\" \/>\n<meta name=\"twitter:label1\" content=\"Est. reading time\" \/>\n\t<meta name=\"twitter:data1\" content=\"2 minutes\" \/>\n<script type=\"application\/ld+json\" class=\"yoast-schema-graph\">{\"@context\":\"https:\/\/schema.org\",\"@graph\":[{\"@type\":\"WebPage\",\"@id\":\"https:\/\/petluxu.azdigi.shop\/?product=cho-husky\",\"url\":\"https:\/\/petluxu.azdigi.shop\/?product=cho-husky\",\"name\":\"Ch\u00f3 Husky - shop th\u00fa c\u01b0ng\",\"isPartOf\":{\"@id\":\"https:\/\/petluxu.azdigi.shop\/#website\"},\"primaryImageOfPage\":{\"@id\":\"https:\/\/petluxu.azdigi.shop\/?product=cho-husky#primaryimage\"},\"image\":{\"@id\":\"https:\/\/petluxu.azdigi.shop\/?product=cho-husky#primaryimage\"},\"thumbnailUrl\":\"https:\/\/petluxu.azdigi.shop\/wp-content\/uploads\/2026\/03\/Nguon-goc-cho-husky-1024x777-1.jpg\",\"datePublished\":\"2026-04-10T14:55:36+00:00\",\"dateModified\":\"2026-04-11T22:19:16+00:00\",\"description\":\"Ch\u00f3 Husky n\u0103ng \u0111\u1ed9ng, th\u00f4ng minh, ngo\u1ea1i h\u00ecnh \u0111\u1eb9p v\u00e0 ch\u1ecbu l\u1ea1nh t\u1ed1t. Kh\u00e1m ph\u00e1 \u0111\u1eb7c \u0111i\u1ec3m, t\u00ednh c\u00e1ch v\u00e0 c\u00e1ch ch\u0103m s\u00f3c hi\u1ec7u qu\u1ea3.\",\"breadcrumb\":{\"@id\":\"https:\/\/petluxu.azdigi.shop\/?product=cho-husky#breadcrumb\"},\"inLanguage\":\"en-US\",\"potentialAction\":[{\"@type\":\"ReadAction\",\"target\":[\"https:\/\/petluxu.azdigi.shop\/?product=cho-husky\"]}]},{\"@type\":\"ImageObject\",\"inLanguage\":\"en-US\",\"@id\":\"https:\/\/petluxu.azdigi.shop\/?product=cho-husky#primaryimage\",\"url\":\"https:\/\/petluxu.azdigi.shop\/wp-content\/uploads\/2026\/03\/Nguon-goc-cho-husky-1024x777-1.jpg\",\"contentUrl\":\"https:\/\/petluxu.azdigi.shop\/wp-content\/uploads\/2026\/03\/Nguon-goc-cho-husky-1024x777-1.jpg\",\"width\":1024,\"height\":777},{\"@type\":\"BreadcrumbList\",\"@id\":\"https:\/\/petluxu.azdigi.shop\/?product=cho-husky#breadcrumb\",\"itemListElement\":[{\"@type\":\"ListItem\",\"position\":1,\"name\":\"Home\",\"item\":\"https:\/\/petluxu.azdigi.shop\/\"},{\"@type\":\"ListItem\",\"position\":2,\"name\":\"Shop\",\"item\":\"https:\/\/petluxu.azdigi.shop\/?page_id=348\"},{\"@type\":\"ListItem\",\"position\":3,\"name\":\"Ch\u00f3 Husky\"}]},{\"@type\":\"WebSite\",\"@id\":\"https:\/\/petluxu.azdigi.shop\/#website\",\"url\":\"https:\/\/petluxu.azdigi.shop\/\",\"name\":\"shop th\u00fa c\u01b0ng\",\"description\":\"\",\"potentialAction\":[{\"@type\":\"SearchAction\",\"target\":{\"@type\":\"EntryPoint\",\"urlTemplate\":\"https:\/\/petluxu.azdigi.shop\/?s={search_term_string}\"},\"query-input\":{\"@type\":\"PropertyValueSpecification\",\"valueRequired\":true,\"valueName\":\"search_term_string\"}}],\"inLanguage\":\"en-US\"}]}<\/script>\n<!-- \/ Yoast SEO plugin. -->","yoast_head_json":{"title":"Ch\u00f3 Husky - shop th\u00fa c\u01b0ng","description":"Ch\u00f3 Husky n\u0103ng \u0111\u1ed9ng, th\u00f4ng minh, ngo\u1ea1i h\u00ecnh \u0111\u1eb9p v\u00e0 ch\u1ecbu l\u1ea1nh t\u1ed1t. Kh\u00e1m ph\u00e1 \u0111\u1eb7c \u0111i\u1ec3m, t\u00ednh c\u00e1ch v\u00e0 c\u00e1ch ch\u0103m s\u00f3c hi\u1ec7u qu\u1ea3.","robots":{"index":"index","follow":"follow","max-snippet":"max-snippet:-1","max-image-preview":"max-image-preview:large","max-video-preview":"max-video-preview:-1"},"canonical":"https:\/\/petluxu.azdigi.shop\/?product=cho-husky","og_locale":"en_US","og_type":"article","og_title":"Ch\u00f3 Husky - shop th\u00fa c\u01b0ng","og_description":"Ch\u00f3 Husky n\u0103ng \u0111\u1ed9ng, th\u00f4ng minh, ngo\u1ea1i h\u00ecnh \u0111\u1eb9p v\u00e0 ch\u1ecbu l\u1ea1nh t\u1ed1t. Kh\u00e1m ph\u00e1 \u0111\u1eb7c \u0111i\u1ec3m, t\u00ednh c\u00e1ch v\u00e0 c\u00e1ch ch\u0103m s\u00f3c hi\u1ec7u qu\u1ea3.","og_url":"https:\/\/petluxu.azdigi.shop\/?product=cho-husky","og_site_name":"shop th\u00fa c\u01b0ng","article_modified_time":"2026-04-11T22:19:16+00:00","og_image":[{"width":1024,"height":777,"url":"https:\/\/petluxu.azdigi.shop\/wp-content\/uploads\/2026\/03\/Nguon-goc-cho-husky-1024x777-1.jpg","type":"image\/jpeg"}],"twitter_card":"summary_large_image","twitter_misc":{"Est. reading time":"2 minutes"},"schema":{"@context":"https:\/\/schema.org","@graph":[{"@type":"WebPage","@id":"https:\/\/petluxu.azdigi.shop\/?product=cho-husky","url":"https:\/\/petluxu.azdigi.shop\/?product=cho-husky","name":"Ch\u00f3 Husky - shop th\u00fa c\u01b0ng","isPartOf":{"@id":"https:\/\/petluxu.azdigi.shop\/#website"},"primaryImageOfPage":{"@id":"https:\/\/petluxu.azdigi.shop\/?product=cho-husky#primaryimage"},"image":{"@id":"https:\/\/petluxu.azdigi.shop\/?product=cho-husky#primaryimage"},"thumbnailUrl":"https:\/\/petluxu.azdigi.shop\/wp-content\/uploads\/2026\/03\/Nguon-goc-cho-husky-1024x777-1.jpg","datePublished":"2026-04-10T14:55:36+00:00","dateModified":"2026-04-11T22:19:16+00:00","description":"Ch\u00f3 Husky n\u0103ng \u0111\u1ed9ng, th\u00f4ng minh, ngo\u1ea1i h\u00ecnh \u0111\u1eb9p v\u00e0 ch\u1ecbu l\u1ea1nh t\u1ed1t. Kh\u00e1m ph\u00e1 \u0111\u1eb7c \u0111i\u1ec3m, t\u00ednh c\u00e1ch v\u00e0 c\u00e1ch ch\u0103m s\u00f3c hi\u1ec7u qu\u1ea3.","breadcrumb":{"@id":"https:\/\/petluxu.azdigi.shop\/?product=cho-husky#breadcrumb"},"inLanguage":"en-US","potentialAction":[{"@type":"ReadAction","target":["https:\/\/petluxu.azdigi.shop\/?product=cho-husky"]}]},{"@type":"ImageObject","inLanguage":"en-US","@id":"https:\/\/petluxu.azdigi.shop\/?product=cho-husky#primaryimage","url":"https:\/\/petluxu.azdigi.shop\/wp-content\/uploads\/2026\/03\/Nguon-goc-cho-husky-1024x777-1.jpg","contentUrl":"https:\/\/petluxu.azdigi.shop\/wp-content\/uploads\/2026\/03\/Nguon-goc-cho-husky-1024x777-1.jpg","width":1024,"height":777},{"@type":"BreadcrumbList","@id":"https:\/\/petluxu.azdigi.shop\/?product=cho-husky#breadcrumb","itemListElement":[{"@type":"ListItem","position":1,"name":"Home","item":"https:\/\/petluxu.azdigi.shop\/"},{"@type":"ListItem","position":2,"name":"Shop","item":"https:\/\/petluxu.azdigi.shop\/?page_id=348"},{"@type":"ListItem","position":3,"name":"Ch\u00f3 Husky"}]},{"@type":"WebSite","@id":"https:\/\/petluxu.azdigi.shop\/#website","url":"https:\/\/petluxu.azdigi.shop\/","name":"shop th\u00fa c\u01b0ng","description":"","potentialAction":[{"@type":"SearchAction","target":{"@type":"EntryPoint","urlTemplate":"https:\/\/petluxu.azdigi.shop\/?s={search_term_string}"},"query-input":{"@type":"PropertyValueSpecification","valueRequired":true,"valueName":"search_term_string"}}],"inLanguage":"en-US"}]}},"_links":{"self":[{"href":"https:\/\/petluxu.azdigi.shop\/index.php?rest_route=\/wp\/v2\/product\/623","targetHints":{"allow":["GET"]}}],"collection":[{"href":"https:\/\/petluxu.azdigi.shop\/index.php?rest_route=\/wp\/v2\/product"}],"about":[{"href":"https:\/\/petluxu.azdigi.shop\/index.php?rest_route=\/wp\/v2\/types\/product"}],"replies":[{"embeddable":true,"href":"https:\/\/petluxu.azdigi.shop\/index.php?rest_route=%2Fwp%2Fv2%2Fcomments&post=623"}],"wp:featuredmedia":[{"embeddable":true,"href":"https:\/\/petluxu.azdigi.shop\/index.php?rest_route=\/wp\/v2\/media\/206"}],"wp:attachment":[{"href":"https:\/\/petluxu.azdigi.shop\/index.php?rest_route=%2Fwp%2Fv2%2Fmedia&parent=623"}],"wp:term":[{"taxonomy":"product_brand","embeddable":true,"href":"https:\/\/petluxu.azdigi.shop\/index.php?rest_route=%2Fwp%2Fv2%2Fproduct_brand&post=623"},{"taxonomy":"product_cat","embeddable":true,"href":"https:\/\/petluxu.azdigi.shop\/index.php?rest_route=%2Fwp%2Fv2%2Fproduct_cat&post=623"},{"taxonomy":"product_tag","embeddable":true,"href":"https:\/\/petluxu.azdigi.shop\/index.php?rest_route=%2Fwp%2Fv2%2Fproduct_tag&post=623"}],"curies":[{"name":"wp","href":"https:\/\/api.w.org\/{rel}","templated":true}]}}